Last updated on 2023-02-03 20:51:34 CET.
Flavor | Version | Tinstall | Tcheck | Ttotal | Status | Flags |
---|---|---|---|---|---|---|
r-devel-linux-x86_64-debian-clang | 0.2.0 | 5.22 | 50.86 | 56.08 | NOTE | |
r-devel-linux-x86_64-debian-gcc | 0.2.0 | 4.61 | 38.89 | 43.50 | NOTE | |
r-devel-linux-x86_64-fedora-clang | 0.2.0 | 77.29 | NOTE | |||
r-devel-linux-x86_64-fedora-gcc | 0.2.0 | 84.75 | NOTE | |||
r-devel-windows-x86_64 | 0.2.0 | 10.00 | 84.00 | 94.00 | NOTE | |
r-patched-linux-x86_64 | 0.2.0 | 5.20 | 50.54 | 55.74 | NOTE | |
r-release-linux-x86_64 | 0.2.0 | 6.68 | 51.13 | 57.81 | NOTE | |
r-release-macos-arm64 | 0.2.0 | 28.00 | NOTE | |||
r-release-macos-x86_64 | 0.2.0 | 56.00 | NOTE | |||
r-release-windows-x86_64 | 0.2.0 | 21.00 | 96.00 | 117.00 | NOTE | |
r-oldrel-macos-arm64 | 0.2.0 | 30.00 | NOTE | |||
r-oldrel-macos-x86_64 | 0.2.0 | 39.00 | NOTE | |||
r-oldrel-windows-ix86+x86_64 | 0.2.0 | 14.00 | 77.00 | 91.00 | NOTE |
Version: 0.2.0
Check: LazyData
Result: NOTE
'LazyData' is specified without a 'data' directory
Flavors: r-devel-linux-x86_64-debian-clang, r-devel-linux-x86_64-debian-gcc, r-devel-linux-x86_64-fedora-clang, r-devel-linux-x86_64-fedora-gcc, r-devel-windows-x86_64, r-patched-linux-x86_64, r-release-linux-x86_64, r-release-macos-arm64, r-release-macos-x86_64, r-release-windows-x86_64, r-oldrel-macos-arm64, r-oldrel-macos-x86_64, r-oldrel-windows-ix86+x86_64