CRAN Package Check Results for Package rappsflyer

Last updated on 2024-02-25 19:50:08 CET.

Flavor Version Tinstall Tcheck Ttotal Status Flags
r-devel-linux-x86_64-debian-clang 0.2.0 5.73 54.18 59.91 NOTE
r-devel-linux-x86_64-debian-gcc 0.2.0 4.04 40.72 44.76 NOTE
r-devel-linux-x86_64-fedora-clang 0.2.0 72.40 NOTE
r-devel-linux-x86_64-fedora-gcc 0.2.0 81.34 NOTE
r-devel-windows-x86_64 0.2.0 6.00 62.00 68.00 NOTE
r-patched-linux-x86_64 0.2.0 3.58 50.93 54.51 NOTE
r-release-linux-x86_64 0.2.0 5.60 51.32 56.92 NOTE
r-release-macos-arm64 0.2.0 35.00 NOTE
r-release-macos-x86_64 0.2.0 44.00 NOTE
r-release-windows-x86_64 0.2.0 7.00 66.00 73.00 NOTE
r-oldrel-macos-arm64 0.2.0 28.00 NOTE
r-oldrel-windows-x86_64 0.2.0 8.00 71.00 79.00 NOTE

Check Details

Version: 0.2.0
Check: LazyData
Result: NOTE 'LazyData' is specified without a 'data' directory Flavors: r-devel-linux-x86_64-debian-clang, r-devel-linux-x86_64-debian-gcc, r-devel-linux-x86_64-fedora-clang, r-devel-linux-x86_64-fedora-gcc, r-devel-windows-x86_64, r-patched-linux-x86_64, r-release-linux-x86_64, r-release-macos-arm64, r-release-macos-x86_64, r-release-windows-x86_64, r-oldrel-macos-arm64, r-oldrel-windows-x86_64