Last updated on 2024-07-17 20:57:08 CEST.
Flavor | Version | Tinstall | Tcheck | Ttotal | Status | Flags |
---|---|---|---|---|---|---|
r-devel-linux-x86_64-debian-clang | 0.3.3 | 2.59 | 25.35 | 27.94 | NOTE | |
r-devel-linux-x86_64-debian-gcc | 0.3.3 | 1.90 | 19.52 | 21.42 | NOTE | |
r-devel-linux-x86_64-fedora-clang | 0.3.3 | 36.37 | NOTE | |||
r-devel-linux-x86_64-fedora-gcc | 0.3.3 | 33.58 | NOTE | |||
r-devel-windows-x86_64 | 0.3.3 | 8.00 | 44.00 | 52.00 | NOTE | |
r-patched-linux-x86_64 | 0.3.3 | 2.66 | 24.70 | 27.36 | NOTE | |
r-release-linux-x86_64 | 0.3.3 | 2.27 | 24.65 | 26.92 | NOTE | |
r-release-macos-arm64 | 0.3.3 | 16.00 | NOTE | |||
r-release-macos-x86_64 | 0.3.3 | 24.00 | NOTE | |||
r-release-windows-x86_64 | 0.3.3 | 10.00 | 45.00 | 55.00 | NOTE | |
r-oldrel-macos-arm64 | 0.3.3 | 16.00 | OK | |||
r-oldrel-macos-x86_64 | 0.3.3 | 22.00 | OK | |||
r-oldrel-windows-x86_64 | 0.3.3 | 8.00 | 46.00 | 54.00 | OK |
Version: 0.3.3
Check: Rd files
Result: NOTE
checkRd: (-1) user_log_dir.Rd:48: Lost braces
48 | \\env{$XDG_CACHE_HOME} if defined
| ^
Flavors: r-devel-linux-x86_64-debian-clang, r-devel-linux-x86_64-debian-gcc, r-devel-linux-x86_64-fedora-clang, r-devel-linux-x86_64-fedora-gcc, r-devel-windows-x86_64, r-patched-linux-x86_64, r-release-linux-x86_64, r-release-macos-arm64, r-release-macos-x86_64, r-release-windows-x86_64