Last updated on 2024-04-19 20:56:48 CEST.
Flavor | Version | Tinstall | Tcheck | Ttotal | Status | Flags |
---|---|---|---|---|---|---|
r-devel-linux-x86_64-debian-clang | 1.1.0 | 2.46 | 29.86 | 32.32 | NOTE | |
r-devel-linux-x86_64-debian-gcc | 1.1.0 | NOTE | ||||
r-devel-linux-x86_64-fedora-clang | 1.1.0 | 40.86 | NOTE | |||
r-devel-linux-x86_64-fedora-gcc | 1.1.0 | 39.24 | NOTE | |||
r-prerel-macos-arm64 | 1.1.0 | 19.00 | NOTE | |||
r-prerel-windows-x86_64 | 1.1.0 | 3.00 | 50.00 | 53.00 | NOTE | |
r-patched-linux-x86_64 | 1.1.0 | 2.36 | 29.24 | 31.60 | NOTE | |
r-release-linux-x86_64 | 1.1.0 | 1.43 | 30.03 | 31.46 | OK | |
r-release-macos-arm64 | 1.1.0 | 21.00 | OK | |||
r-release-macos-x86_64 | 1.1.0 | 24.00 | OK | |||
r-release-windows-x86_64 | 1.1.0 | 4.00 | 48.00 | 52.00 | OK | |
r-oldrel-macos-arm64 | 1.1.0 | 16.00 | OK | |||
r-oldrel-windows-x86_64 | 1.1.0 | 4.00 | 53.00 | 57.00 | OK |
Version: 1.1.0
Check: Rd files
Result: NOTE
checkRd: (-1) grottaBar.Rd:69: Lost braces in \itemize; meant \describe ?
checkRd: (-1) grottaBar.Rd:70: Lost braces in \itemize; meant \describe ?
checkRd: (-1) grottaBar.Rd:71: Lost braces in \itemize; meant \describe ?
checkRd: (-1) grottaBar.Rd:79: Lost braces in \itemize; meant \describe ?
checkRd: (-1) grottaBar.Rd:80: Lost braces in \itemize; meant \describe ?
checkRd: (-1) grottaBar.Rd:81: Lost braces in \itemize; meant \describe ?
checkRd: (-1) grottaBar.Rd:82: Lost braces in \itemize; meant \describe ?
checkRd: (-1) grottaBar.Rd:83: Lost braces in \itemize; meant \describe ?
Flavors: r-devel-linux-x86_64-debian-clang, r-devel-linux-x86_64-debian-gcc, r-devel-linux-x86_64-fedora-clang, r-devel-linux-x86_64-fedora-gcc, r-prerel-macos-arm64, r-prerel-windows-x86_64, r-patched-linux-x86_64