CRAN Package Check Results for Package randomizeR

Last updated on 2023-11-30 20:48:47 CET.

Flavor Version Tinstall Tcheck Ttotal Status Flags
r-devel-linux-x86_64-debian-clang 3.0.2 33.49 199.03 232.52 NOTE
r-devel-linux-x86_64-debian-gcc 3.0.2 28.42 148.53 176.95 NOTE
r-devel-linux-x86_64-fedora-clang 3.0.2 284.67 OK
r-devel-linux-x86_64-fedora-gcc 3.0.2 295.01 OK
r-devel-windows-x86_64 3.0.2 29.00 162.00 191.00 OK
r-patched-linux-x86_64 3.0.2 27.57 193.01 220.58 OK
r-release-linux-x86_64 3.0.2 21.15 190.98 212.13 OK
r-release-macos-arm64 3.0.2 78.00 OK
r-release-macos-x86_64 3.0.2 192.00 OK
r-release-windows-x86_64 3.0.2 40.00 208.00 248.00 OK
r-oldrel-macos-arm64 3.0.2 79.00 OK
r-oldrel-macos-x86_64 3.0.2 107.00 OK
r-oldrel-windows-x86_64 3.0.2 41.00 189.00 230.00 OK

Check Details

Version: 3.0.2
Check: Rd files
Result: NOTE checkRd: (-1) makeDesignMatrix.Rd:16: Lost braces; missing escapes or markup? 16 | is randomized to a certain treatment {j}, the entry of \code{(i,j)} of the | ^ Flavors: r-devel-linux-x86_64-debian-clang, r-devel-linux-x86_64-debian-gcc