Last updated on 2025-05-09 20:50:00 CEST.
Flavor | Version | Tinstall | Tcheck | Ttotal | Status | Flags |
---|---|---|---|---|---|---|
r-devel-linux-x86_64-debian-clang | 1.1.6 | 26.19 | 120.51 | 146.70 | NOTE | |
r-devel-linux-x86_64-debian-gcc | 1.1.6 | 15.64 | 79.41 | 95.05 | NOTE | |
r-devel-linux-x86_64-fedora-clang | 1.1.6 | 225.75 | OK | |||
r-devel-linux-x86_64-fedora-gcc | 1.1.6 | 244.57 | OK | |||
r-devel-windows-x86_64 | 1.1.6 | 30.00 | 147.00 | 177.00 | OK | |
r-patched-linux-x86_64 | 1.1.6 | 23.92 | 111.28 | 135.20 | OK | |
r-release-linux-x86_64 | 1.1.6 | 23.68 | 111.33 | 135.01 | OK | |
r-release-macos-arm64 | 1.1.6 | 64.00 | OK | |||
r-release-macos-x86_64 | 1.1.6 | 130.00 | OK | |||
r-release-windows-x86_64 | 1.1.6 | 29.00 | 142.00 | 171.00 | OK | |
r-oldrel-macos-arm64 | 1.1.6 | 63.00 | OK | |||
r-oldrel-macos-x86_64 | 1.1.6 | 109.00 | OK | |||
r-oldrel-windows-x86_64 | 1.1.6 | 37.00 | 182.00 | 219.00 | OK |
Version: 1.1.6
Check: CRAN incoming feasibility
Result: NOTE
Maintainer: ‘Saip Ciss <saip.ciss@wanadoo.fr>’
No Authors@R field in DESCRIPTION.
Please add one, modifying
Authors@R: person(given = "Saip",
family = "Ciss",
role = c("aut", "cre"),
email = "saip.ciss@wanadoo.fr")
as necessary.
Flavors: r-devel-linux-x86_64-debian-clang, r-devel-linux-x86_64-debian-gcc