Last updated on 2024-03-28 19:48:42 CET.
Flavor | Version | Tinstall | Tcheck | Ttotal | Status | Flags |
---|---|---|---|---|---|---|
r-devel-linux-x86_64-debian-clang | 1.3.0 | 214.28 | 33.27 | 247.55 | OK | |
r-devel-linux-x86_64-debian-gcc | 1.3.0 | 238.25 | 25.76 | 264.01 | OK | |
r-devel-linux-x86_64-fedora-clang | 1.3.0 | 203.36 | OK | |||
r-devel-linux-x86_64-fedora-gcc | 1.3.0 | 470.76 | OK | |||
r-devel-windows-x86_64 | 1.3.0 | 215.00 | 93.00 | 308.00 | NOTE | |
r-patched-linux-x86_64 | 1.3.0 | 260.35 | 31.75 | 292.10 | OK | |
r-release-linux-x86_64 | 1.3.0 | 273.94 | 32.13 | 306.07 | OK | |
r-release-macos-arm64 | 1.3.0 | 97.00 | NOTE | |||
r-release-macos-x86_64 | 1.3.0 | 128.00 | NOTE | |||
r-release-windows-x86_64 | 1.3.0 | 250.00 | 104.00 | 354.00 | NOTE | |
r-oldrel-macos-arm64 | 1.3.0 | 97.00 | NOTE | |||
r-oldrel-windows-x86_64 | 1.3.0 | 210.00 | 89.00 | 299.00 | OK |
Version: 1.3.0
Check: installed package size
Result: NOTE
installed size is 5.1Mb
sub-directories of 1Mb or more:
libs 4.9Mb
Flavors: r-devel-windows-x86_64, r-release-macos-arm64, r-release-macos-x86_64, r-release-windows-x86_64, r-oldrel-macos-arm64