CRAN Package Check Results for Package raceland

Last updated on 2023-11-30 20:48:47 CET.

Flavor Version Tinstall Tcheck Ttotal Status Flags
r-devel-linux-x86_64-debian-clang 1.2.1 95.18 145.94 241.12 OK
r-devel-linux-x86_64-debian-gcc 1.2.1 57.38 109.23 166.61 OK
r-devel-linux-x86_64-fedora-clang 1.2.1 345.05 NOTE
r-devel-linux-x86_64-fedora-gcc 1.2.1 350.29 NOTE
r-devel-windows-x86_64 1.2.1 67.00 134.00 201.00 OK
r-patched-linux-x86_64 1.2.1 76.02 140.02 216.04 OK
r-release-linux-x86_64 1.2.1 75.69 138.39 214.08 OK
r-release-macos-arm64 1.2.1 86.00 OK
r-release-macos-x86_64 1.2.1 131.00 OK
r-release-windows-x86_64 1.2.1 87.00 179.00 266.00 OK
r-oldrel-macos-arm64 1.2.1 73.00 OK
r-oldrel-macos-x86_64 1.2.1 97.00 OK
r-oldrel-windows-x86_64 1.2.1 85.00 173.00 258.00 OK

Check Details

Version: 1.2.1
Check: dependencies in R code
Result: NOTE Namespace in Imports field not imported from: ‘comat’ All declared Imports should be used. Flavors: r-devel-linux-x86_64-fedora-clang, r-devel-linux-x86_64-fedora-gcc