CRAN Package Check Results for Package rYoutheria

Last updated on 2025-11-14 19:50:03 CET.

Flavor Version Tinstall Tcheck Ttotal Status Flags
r-devel-linux-x86_64-debian-clang 1.0.3 4.45 39.04 43.49 NOTE
r-devel-linux-x86_64-debian-gcc 1.0.3 3.23 30.87 34.10 NOTE
r-devel-linux-x86_64-fedora-clang 1.0.3 69.56 OK
r-devel-linux-x86_64-fedora-gcc 1.0.3 78.93 OK
r-devel-windows-x86_64 1.0.3 6.00 55.00 61.00 OK
r-patched-linux-x86_64 1.0.3 3.93 37.77 41.70 OK
r-release-linux-x86_64 1.0.3 4.25 37.24 41.49 OK
r-release-macos-arm64 1.0.3 2.00 28.00 30.00 OK
r-release-macos-x86_64 1.0.3 3.00 89.00 92.00 OK
r-release-windows-x86_64 1.0.3 6.00 54.00 60.00 OK
r-oldrel-macos-arm64 1.0.3 2.00 22.00 24.00 OK
r-oldrel-macos-x86_64 1.0.3 3.00 37.00 40.00 OK
r-oldrel-windows-x86_64 1.0.3 8.00 64.00 72.00 OK

Check Details

Version: 1.0.3
Check: CRAN incoming feasibility
Result: NOTE Maintainer: ‘Tom August <tomaug@ceh.ac.uk>’ No Authors@R field in DESCRIPTION. Please add one, modifying Authors@R: person(given = "Tom", family = "August", role = c("aut", "cre"), email = "tomaug@ceh.ac.uk") as necessary. Flavors: r-devel-linux-x86_64-debian-clang, r-devel-linux-x86_64-debian-gcc