Last updated on 2023-10-04 20:42:39 CEST.
Flavor | Version | Tinstall | Tcheck | Ttotal | Status | Flags |
---|---|---|---|---|---|---|
r-devel-linux-x86_64-debian-clang | 0.1.1 | 6.52 | 70.69 | 77.21 | OK | |
r-devel-linux-x86_64-debian-gcc | 0.1.1 | 5.71 | 51.83 | 57.54 | OK | |
r-devel-linux-x86_64-fedora-clang | 0.1.1 | 95.28 | NOTE | |||
r-devel-linux-x86_64-fedora-gcc | 0.1.1 | 103.89 | NOTE | |||
r-devel-windows-x86_64 | 0.1.1 | 9.00 | 79.00 | 88.00 | OK | |
r-patched-linux-x86_64 | 0.1.1 | 4.43 | 68.34 | 72.77 | OK | |
r-release-linux-x86_64 | 0.1.1 | 4.60 | 68.24 | 72.84 | OK | |
r-release-macos-arm64 | 0.1.1 | 38.00 | OK | |||
r-release-macos-x86_64 | 0.1.1 | 58.00 | OK | |||
r-release-windows-x86_64 | 0.1.1 | 13.00 | 90.00 | 103.00 | OK | |
r-oldrel-macos-arm64 | 0.1.1 | 30.00 | NOTE | |||
r-oldrel-macos-x86_64 | 0.1.1 | 50.00 | NOTE | |||
r-oldrel-windows-x86_64 | 0.1.1 | 13.00 | 96.00 | 109.00 | OK |
Version: 0.1.1
Check: dependencies in R code
Result: NOTE
Namespace in Imports field not imported from: ‘readr’
All declared Imports should be used.
Flavors: r-devel-linux-x86_64-fedora-clang, r-devel-linux-x86_64-fedora-gcc, r-oldrel-macos-arm64, r-oldrel-macos-x86_64