CRAN Package Check Results for Package rTCRBCRr

Last updated on 2022-09-24 21:51:13 CEST.

Flavor Version Tinstall Tcheck Ttotal Status Flags
r-devel-linux-x86_64-debian-clang 0.1.1 6.31 76.52 82.83 OK
r-devel-linux-x86_64-debian-gcc 0.1.1 5.65 56.02 61.67 OK
r-devel-linux-x86_64-fedora-clang 0.1.1 112.65 NOTE
r-devel-linux-x86_64-fedora-gcc 0.1.1 107.31 NOTE
r-devel-windows-x86_64 0.1.1 63.00 128.00 191.00 OK
r-patched-linux-x86_64 0.1.1 6.31 74.51 80.82 OK
r-release-linux-x86_64 0.1.1 5.56 73.74 79.30 OK
r-release-macos-arm64 0.1.1 30.00 NOTE
r-release-macos-x86_64 0.1.1 50.00 NOTE
r-release-windows-x86_64 0.1.1 52.00 120.00 172.00 OK
r-oldrel-macos-arm64 0.1.1 30.00 NOTE
r-oldrel-macos-x86_64 0.1.1 49.00 NOTE
r-oldrel-windows-ix86+x86_64 0.1.1 18.00 104.00 122.00 OK

Check Details

Version: 0.1.1
Check: dependencies in R code
Result: NOTE
    Namespace in Imports field not imported from: ‘readr’
     All declared Imports should be used.
Flavors: r-devel-linux-x86_64-fedora-clang, r-devel-linux-x86_64-fedora-gcc, r-release-macos-arm64, r-release-macos-x86_64, r-oldrel-macos-arm64, r-oldrel-macos-x86_64