Last updated on 2024-07-17 20:57:10 CEST.
Flavor | Version | Tinstall | Tcheck | Ttotal | Status | Flags |
---|---|---|---|---|---|---|
r-devel-linux-x86_64-debian-clang | 0.3.2 | 10.72 | 79.33 | 90.05 | NOTE | |
r-devel-linux-x86_64-debian-gcc | 0.3.2 | 7.90 | 58.13 | 66.03 | NOTE | |
r-devel-linux-x86_64-fedora-clang | 0.3.2 | 114.03 | NOTE | |||
r-devel-linux-x86_64-fedora-gcc | 0.3.2 | 102.67 | NOTE | |||
r-devel-windows-x86_64 | 0.3.2 | 12.00 | 83.00 | 95.00 | NOTE | |
r-patched-linux-x86_64 | 0.3.2 | 10.97 | 75.11 | 86.08 | NOTE | |
r-release-linux-x86_64 | 0.3.2 | 9.52 | 75.32 | 84.84 | NOTE | |
r-release-macos-arm64 | 0.3.2 | 28.00 | NOTE | |||
r-release-macos-x86_64 | 0.3.2 | 44.00 | NOTE | |||
r-release-windows-x86_64 | 0.3.2 | 11.00 | 82.00 | 93.00 | NOTE | |
r-oldrel-macos-arm64 | 0.3.2 | 35.00 | NOTE | |||
r-oldrel-macos-x86_64 | 0.3.2 | 48.00 | NOTE | |||
r-oldrel-windows-x86_64 | 0.3.2 | 14.00 | 95.00 | 109.00 | NOTE |
Version: 0.3.2
Check: LazyData
Result: NOTE
'LazyData' is specified without a 'data' directory
Flavors: r-devel-linux-x86_64-debian-clang, r-devel-linux-x86_64-debian-gcc, r-devel-linux-x86_64-fedora-clang, r-devel-linux-x86_64-fedora-gcc, r-devel-windows-x86_64, r-patched-linux-x86_64, r-release-linux-x86_64, r-release-macos-arm64, r-release-macos-x86_64, r-release-windows-x86_64, r-oldrel-macos-arm64, r-oldrel-macos-x86_64, r-oldrel-windows-x86_64