Last updated on 2025-11-23 20:49:00 CET.
| Flavor | Version | Tinstall | Tcheck | Ttotal | Status | Flags |
|---|---|---|---|---|---|---|
| r-devel-linux-x86_64-debian-clang | 0.2.2 | 7.01 | 64.32 | 71.33 | NOTE | |
| r-devel-linux-x86_64-debian-gcc | 0.2.2 | 5.03 | 46.24 | 51.27 | NOTE | |
| r-devel-linux-x86_64-fedora-clang | 0.2.2 | 19.00 | 90.40 | 109.40 | OK | |
| r-devel-linux-x86_64-fedora-gcc | 0.2.2 | 18.00 | 99.80 | 117.80 | OK | |
| r-devel-windows-x86_64 | 0.2.2 | 11.00 | 72.00 | 83.00 | OK | |
| r-patched-linux-x86_64 | 0.2.2 | 5.19 | 59.48 | 64.67 | OK | |
| r-release-linux-x86_64 | 0.2.2 | 6.69 | 58.93 | 65.62 | OK | |
| r-release-macos-arm64 | 0.2.2 | OK | ||||
| r-release-macos-x86_64 | 0.2.2 | 4.00 | 54.00 | 58.00 | OK | |
| r-release-windows-x86_64 | 0.2.2 | 9.00 | 74.00 | 83.00 | OK | |
| r-oldrel-macos-arm64 | 0.2.2 | NOTE | ||||
| r-oldrel-macos-x86_64 | 0.2.2 | 8.00 | 77.00 | 85.00 | NOTE | |
| r-oldrel-windows-x86_64 | 0.2.2 | 12.00 | 89.00 | 101.00 | NOTE |
Version: 0.2.2
Check: CRAN incoming feasibility
Result: NOTE
Maintainer: ‘Adam Spannbauer <spannbaueradam@gmail.com>’
No Authors@R field in DESCRIPTION.
Please add one, modifying
Authors@R: person(given = "Adam",
family = "Spannbauer",
role = c("aut", "cre"),
email = "spannbaueradam@gmail.com")
as necessary.
Flavors: r-devel-linux-x86_64-debian-clang, r-devel-linux-x86_64-debian-gcc
Version: 0.2.2
Check: LazyData
Result: NOTE
'LazyData' is specified without a 'data' directory
Flavors: r-oldrel-macos-arm64, r-oldrel-macos-x86_64, r-oldrel-windows-x86_64