Last updated on 2025-05-07 20:49:55 CEST.
Flavor | Version | Tinstall | Tcheck | Ttotal | Status | Flags |
---|---|---|---|---|---|---|
r-devel-linux-x86_64-debian-clang | 1.11.4.1 | 3.79 | 45.36 | 49.15 | NOTE | |
r-devel-linux-x86_64-debian-gcc | 1.11.4.1 | 3.01 | 34.03 | 37.04 | NOTE | |
r-devel-linux-x86_64-fedora-clang | 1.11.4.1 | 83.83 | OK | |||
r-devel-linux-x86_64-fedora-gcc | 1.11.4.1 | 93.30 | OK | |||
r-devel-windows-x86_64 | 1.11.4.1 | 6.00 | 74.00 | 80.00 | OK | |
r-patched-linux-x86_64 | 1.11.4.1 | 3.88 | 44.56 | 48.44 | OK | |
r-release-linux-x86_64 | 1.11.4.1 | 4.11 | 44.06 | 48.17 | OK | |
r-release-macos-arm64 | 1.11.4.1 | 34.00 | OK | |||
r-release-macos-x86_64 | 1.11.4.1 | 58.00 | OK | |||
r-release-windows-x86_64 | 1.11.4.1 | 6.00 | 73.00 | 79.00 | OK | |
r-oldrel-macos-arm64 | 1.11.4.1 | 34.00 | OK | |||
r-oldrel-macos-x86_64 | 1.11.4.1 | 48.00 | OK | |||
r-oldrel-windows-x86_64 | 1.11.4.1 | 6.00 | 84.00 | 90.00 | OK |
Version: 1.11.4.1
Check: CRAN incoming feasibility
Result: NOTE
Maintainer: ‘Luke Winslow <lawinslow@gmail.com>’
No Authors@R field in DESCRIPTION.
Please add one, modifying
Authors@R: c(person(given = "Luke",
family = "Winslow",
role = c("aut", "cre"),
email = "lawinslow@gmail.com"),
person(given = "Jordan",
family = "Read",
role = "aut"),
person(given = "Richard",
family = "Woolway",
role = "aut"),
person(given = "Jennifer",
family = "Brentrup",
role = "aut"),
person(given = "Taylor",
family = "Leach",
role = "aut"),
person(given = "Jake",
family = "Zwart",
role = "aut"),
person(given = "Sam",
family = "Albers",
role = "aut"),
person(given = "Doug",
family = "Collinge",
role = "aut"))
as necessary.
Flavors: r-devel-linux-x86_64-debian-clang, r-devel-linux-x86_64-debian-gcc