Last updated on 2025-05-06 20:50:51 CEST.
Flavor | Version | Tinstall | Tcheck | Ttotal | Status | Flags |
---|---|---|---|---|---|---|
r-devel-linux-x86_64-debian-clang | 1.0.2 | 2.66 | 25.34 | 28.00 | NOTE | |
r-devel-linux-x86_64-debian-gcc | 1.0.2 | 1.84 | 19.44 | 21.28 | NOTE | |
r-devel-linux-x86_64-fedora-clang | 1.0.2 | 45.25 | OK | |||
r-devel-linux-x86_64-fedora-gcc | 1.0.2 | 41.44 | OK | |||
r-devel-windows-x86_64 | 1.0.2 | 3.00 | 47.00 | 50.00 | OK | |
r-patched-linux-x86_64 | 1.0.2 | 2.78 | 23.85 | 26.63 | OK | |
r-release-linux-x86_64 | 1.0.2 | 2.50 | 23.97 | 26.47 | OK | |
r-release-macos-arm64 | 1.0.2 | 19.00 | OK | |||
r-release-macos-x86_64 | 1.0.2 | 31.00 | OK | |||
r-release-windows-x86_64 | 1.0.2 | 3.00 | 48.00 | 51.00 | OK | |
r-oldrel-macos-arm64 | 1.0.2 | 18.00 | OK | |||
r-oldrel-macos-x86_64 | 1.0.2 | 32.00 | OK | |||
r-oldrel-windows-x86_64 | 1.0.2 | 4.00 | 53.00 | 57.00 | OK |
Version: 1.0.2
Check: CRAN incoming feasibility
Result: NOTE
Maintainer: ‘Patricia Conde-Clemente <patricia.condeclemente@gmail.com>’
No Authors@R field in DESCRIPTION.
Please add one, modifying
Authors@R: c(person(given = "Patricia",
family = "Conde-Clemente",
role = c("aut", "cre"),
email = "patricia.condeclemente@gmail.com"),
person(given = c("Jose", "M."),
family = "Alonso",
role = "aut"),
person(given = "Gracian",
family = "Trivino",
role = "aut"))
as necessary.
Package CITATION file contains call(s) to old-style personList() or
as.personList(). Please use c() on person objects instead.
Package CITATION file contains call(s) to old-style citEntry(). Please
use bibentry() instead.
Flavors: r-devel-linux-x86_64-debian-clang, r-devel-linux-x86_64-debian-gcc