Last updated on 2025-05-07 20:49:55 CEST.
Flavor | Version | Tinstall | Tcheck | Ttotal | Status | Flags |
---|---|---|---|---|---|---|
r-devel-linux-x86_64-debian-clang | 0.9.6 | 5.75 | 54.49 | 60.24 | OK | |
r-devel-linux-x86_64-debian-gcc | 0.9.6 | 4.53 | 38.05 | 42.58 | OK | |
r-devel-linux-x86_64-fedora-clang | 0.9.6 | 98.77 | OK | |||
r-devel-linux-x86_64-fedora-gcc | 0.9.6 | 89.84 | OK | |||
r-devel-windows-x86_64 | 0.9.6 | 7.00 | 68.00 | 75.00 | OK | |
r-patched-linux-x86_64 | 0.9.6 | 6.40 | 50.45 | 56.85 | OK | |
r-release-linux-x86_64 | 0.9.6 | 5.81 | 50.19 | 56.00 | OK | |
r-release-macos-arm64 | 0.9.6 | 29.00 | OK | |||
r-release-macos-x86_64 | 0.9.6 | 55.00 | OK | |||
r-release-windows-x86_64 | 0.9.6 | 8.00 | 68.00 | 76.00 | OK | |
r-oldrel-macos-arm64 | 0.9.6 | 27.00 | NOTE | |||
r-oldrel-macos-x86_64 | 0.9.6 | 43.00 | NOTE | |||
r-oldrel-windows-x86_64 | 0.9.6 | 9.00 | 81.00 | 90.00 | NOTE |
Version: 0.9.6
Check: LazyData
Result: NOTE
'LazyData' is specified without a 'data' directory
Flavors: r-oldrel-macos-arm64, r-oldrel-macos-x86_64, r-oldrel-windows-x86_64