CRAN Package Check Results for Package rFSA

Last updated on 2023-06-05 21:59:17 CEST.

Flavor Version Tinstall Tcheck Ttotal Status Flags
r-devel-linux-x86_64-debian-clang 0.9.6 8.13 66.52 74.65 NOTE
r-devel-linux-x86_64-debian-gcc 0.9.6 6.47 50.40 56.87 NOTE
r-devel-linux-x86_64-fedora-clang 0.9.6 90.87 NOTE
r-devel-linux-x86_64-fedora-gcc 0.9.6 87.83 NOTE
r-devel-windows-x86_64 0.9.6 9.00 67.00 76.00 NOTE
r-patched-linux-x86_64 0.9.6 5.18 62.11 67.29 NOTE
r-release-linux-x86_64 0.9.6 4.71 62.26 66.97 NOTE
r-release-macos-arm64 0.9.6 30.00 NOTE
r-release-macos-x86_64 0.9.6 47.00 NOTE
r-release-windows-x86_64 0.9.6 10.00 79.00 89.00 NOTE
r-oldrel-macos-arm64 0.9.6 25.00 NOTE
r-oldrel-macos-x86_64 0.9.6 50.00 NOTE
r-oldrel-windows-x86_64 0.9.6 10.00 79.00 89.00 NOTE

Check Details

Version: 0.9.6
Check: LazyData
Result: NOTE
     'LazyData' is specified without a 'data' directory
Flavors: r-devel-linux-x86_64-debian-clang, r-devel-linux-x86_64-debian-gcc, r-devel-linux-x86_64-fedora-clang, r-devel-linux-x86_64-fedora-gcc, r-devel-windows-x86_64, r-patched-linux-x86_64, r-release-linux-x86_64, r-release-macos-arm64, r-release-macos-x86_64, r-release-windows-x86_64, r-oldrel-macos-arm64, r-oldrel-macos-x86_64, r-oldrel-windows-x86_64