Last updated on 2024-04-24 20:54:19 CEST.
Flavor | Version | Tinstall | Tcheck | Ttotal | Status | Flags |
---|---|---|---|---|---|---|
r-devel-linux-x86_64-debian-clang | 0.54.1 | 12.06 | 82.09 | 94.15 | NOTE | |
r-devel-linux-x86_64-debian-gcc | 0.54.1 | 8.10 | 59.50 | 67.60 | NOTE | |
r-devel-linux-x86_64-fedora-clang | 0.54.1 | 126.97 | NOTE | |||
r-devel-linux-x86_64-fedora-gcc | 0.54.1 | 114.32 | NOTE | |||
r-devel-windows-x86_64 | 0.54.1 | 13.00 | 85.00 | 98.00 | NOTE | |
r-patched-linux-x86_64 | 0.54.1 | 11.48 | 75.66 | 87.14 | NOTE | |
r-release-linux-x86_64 | 0.54.1 | 13.00 | 78.29 | 91.29 | NOTE | |
r-release-macos-arm64 | 0.54.1 | 11.00 | ERROR | |||
r-release-macos-x86_64 | 0.54.1 | 67.00 | NOTE | |||
r-release-windows-x86_64 | 0.54.1 | 12.00 | 86.00 | 98.00 | NOTE | |
r-oldrel-macos-arm64 | 0.54.1 | 35.00 | OK | |||
r-oldrel-macos-x86_64 | 0.54.1 | 7.00 | ERROR | |||
r-oldrel-windows-x86_64 | 0.54.1 | 15.00 | 98.00 | 113.00 | NOTE |
Version: 0.54.1
Check: package subdirectories
Result: NOTE
Problems with news in ‘NEWS.md’:
No news entries found.
Flavors: r-devel-linux-x86_64-debian-clang, r-devel-linux-x86_64-debian-gcc, r-devel-linux-x86_64-fedora-clang, r-devel-linux-x86_64-fedora-gcc, r-devel-windows-x86_64, r-patched-linux-x86_64, r-release-linux-x86_64, r-release-macos-x86_64, r-release-windows-x86_64, r-oldrel-windows-x86_64
Version: 0.54.1
Check: package dependencies
Result: ERROR
Package required but not available: ‘rhdf5’
See section ‘The DESCRIPTION file’ in the ‘Writing R Extensions’
manual.
Flavors: r-release-macos-arm64, r-oldrel-macos-x86_64