Last updated on 2025-05-09 20:50:00 CEST.
Flavor | Version | Tinstall | Tcheck | Ttotal | Status | Flags |
---|---|---|---|---|---|---|
r-devel-linux-x86_64-debian-clang | 0.5-8 | 8.84 | 36.43 | 45.27 | NOTE | |
r-devel-linux-x86_64-debian-gcc | 0.5-8 | 7.04 | 28.56 | 35.60 | NOTE | |
r-devel-linux-x86_64-fedora-clang | 0.5-8 | 72.72 | OK | |||
r-devel-linux-x86_64-fedora-gcc | 0.5-8 | 70.08 | OK | |||
r-devel-windows-x86_64 | 0.5-8 | 11.00 | 58.00 | 69.00 | OK | |
r-patched-linux-x86_64 | 0.5-8 | 8.50 | 35.03 | 43.53 | OK | |
r-release-linux-x86_64 | 0.5-8 | 7.87 | 35.46 | 43.33 | OK | |
r-release-macos-arm64 | 0.5-8 | 36.00 | OK | |||
r-release-macos-x86_64 | 0.5-8 | 48.00 | OK | |||
r-release-windows-x86_64 | 0.5-8 | 10.00 | 73.00 | 83.00 | OK | |
r-oldrel-macos-arm64 | 0.5-8 | 31.00 | OK | |||
r-oldrel-macos-x86_64 | 0.5-8 | 57.00 | OK | |||
r-oldrel-windows-x86_64 | 0.5-8 | 11.00 | 56.00 | 67.00 | OK |
Version: 0.5-8
Check: CRAN incoming feasibility
Result: NOTE
Maintainer: ‘Davide Massidda <davide.massidda@gmail.com>’
No Authors@R field in DESCRIPTION.
Please add one, modifying
Authors@R: c(person(given = "Giulio",
family = "Vidotto",
role = "aut",
email = "giulio.vidotto@unipd.it"),
person(given = "Stefano",
family = "Noventa",
role = "aut",
email = "stefano.noventa@uni-tuebingen.de"),
person(given = "Davide",
family = "Massidda",
role = c("aut", "cre"),
email = "davide.massidda@gmail.com"),
person(given = "Marco",
family = "Vicentini",
role = "aut",
email = "marco.vicentini@gmail.com"))
as necessary.
Flavors: r-devel-linux-x86_64-debian-clang, r-devel-linux-x86_64-debian-gcc