Last updated on 2024-07-17 20:57:08 CEST.
Flavor | Version | Tinstall | Tcheck | Ttotal | Status | Flags |
---|---|---|---|---|---|---|
r-devel-linux-x86_64-debian-clang | 1.6.0 | 12.88 | 84.51 | 97.39 | OK | |
r-devel-linux-x86_64-debian-gcc | 1.6.0 | 9.05 | 60.39 | 69.44 | OK | |
r-devel-linux-x86_64-fedora-clang | 1.6.0 | 121.24 | NOTE | |||
r-devel-linux-x86_64-fedora-gcc | 1.6.0 | 108.02 | OK | |||
r-devel-windows-x86_64 | 1.6.0 | 14.00 | 85.00 | 99.00 | NOTE | |
r-patched-linux-x86_64 | 1.6.0 | 14.55 | 77.05 | 91.60 | OK | |
r-release-linux-x86_64 | 1.6.0 | 9.95 | 79.88 | 89.83 | OK | |
r-release-macos-arm64 | 1.6.0 | 35.00 | NOTE | |||
r-release-macos-x86_64 | 1.6.0 | 55.00 | NOTE | |||
r-release-windows-x86_64 | 1.6.0 | 14.00 | 85.00 | 99.00 | NOTE | |
r-oldrel-macos-arm64 | 1.6.0 | 35.00 | NOTE | |||
r-oldrel-macos-x86_64 | 1.6.0 | 53.00 | NOTE | |||
r-oldrel-windows-x86_64 | 1.6.0 | 16.00 | 98.00 | 114.00 | NOTE |
Version: 1.6.0
Check: installed package size
Result: NOTE
installed size is 11.5Mb
sub-directories of 1Mb or more:
htmlwidgets 10.0Mb
super-tiny-icons 1.0Mb
Flavors: r-devel-linux-x86_64-fedora-clang, r-devel-windows-x86_64, r-release-macos-arm64, r-release-macos-x86_64, r-release-windows-x86_64, r-oldrel-macos-arm64, r-oldrel-macos-x86_64, r-oldrel-windows-x86_64