Last updated on 2024-04-19 20:56:48 CEST.
Flavor | Version | Tinstall | Tcheck | Ttotal | Status | Flags |
---|---|---|---|---|---|---|
r-devel-linux-x86_64-debian-clang | 0.1.6 | 35.43 | 33.68 | 69.11 | OK | |
r-devel-linux-x86_64-debian-gcc | 0.1.6 | OK | ||||
r-devel-linux-x86_64-fedora-clang | 0.1.6 | 90.17 | NOTE | |||
r-devel-linux-x86_64-fedora-gcc | 0.1.6 | 125.81 | OK | |||
r-prerel-macos-arm64 | 0.1.6 | 39.00 | OK | |||
r-prerel-windows-x86_64 | 0.1.6 | 34.00 | 57.00 | 91.00 | OK | |
r-patched-linux-x86_64 | 0.1.6 | 43.17 | 33.36 | 76.53 | OK | |
r-release-linux-x86_64 | 0.1.6 | 45.52 | 32.59 | 78.11 | OK | |
r-release-macos-arm64 | 0.1.6 | 44.00 | OK | |||
r-release-macos-x86_64 | 0.1.6 | 122.00 | OK | |||
r-release-windows-x86_64 | 0.1.6 | 31.00 | 60.00 | 91.00 | OK | |
r-oldrel-macos-arm64 | 0.1.6 | 48.00 | OK | |||
r-oldrel-windows-x86_64 | 0.1.6 | 31.00 | 57.00 | 88.00 | OK |
Version: 0.1.6
Check: installed package size
Result: NOTE
installed size is 5.4Mb
sub-directories of 1Mb or more:
libs 4.6Mb
Flavor: r-devel-linux-x86_64-fedora-clang