Last updated on 2023-02-03 20:51:34 CET.
Flavor | Version | Tinstall | Tcheck | Ttotal | Status | Flags |
---|---|---|---|---|---|---|
r-devel-linux-x86_64-debian-clang | 0.1.3 | 10.74 | 102.62 | 113.36 | NOTE | |
r-devel-linux-x86_64-debian-gcc | 0.1.3 | 9.16 | 77.75 | 86.91 | NOTE | |
r-devel-linux-x86_64-fedora-clang | 0.1.3 | 139.43 | NOTE | |||
r-devel-linux-x86_64-fedora-gcc | 0.1.3 | 142.49 | NOTE | |||
r-patched-linux-x86_64 | 0.1.3 | 13.53 | 95.58 | 109.11 | NOTE | |
r-release-linux-x86_64 | 0.1.3 | 8.88 | 100.54 | 109.42 | NOTE | |
r-release-macos-arm64 | 0.1.3 | 56.00 | NOTE | |||
r-release-macos-x86_64 | 0.1.3 | 55.00 | NOTE | |||
r-release-windows-x86_64 | 0.1.3 | 21.00 | 127.00 | 148.00 | NOTE | |
r-oldrel-macos-arm64 | 0.1.3 | 47.00 | NOTE | |||
r-oldrel-macos-x86_64 | 0.1.3 | 80.00 | NOTE | |||
r-oldrel-windows-ix86+x86_64 | 0.1.3 | 23.00 | 133.00 | 156.00 | NOTE |
Version: 0.1.3
Check: LazyData
Result: NOTE
'LazyData' is specified without a 'data' directory
Flavors: r-devel-linux-x86_64-debian-clang, r-devel-linux-x86_64-debian-gcc, r-devel-linux-x86_64-fedora-clang, r-devel-linux-x86_64-fedora-gcc, r-patched-linux-x86_64, r-release-linux-x86_64, r-release-macos-arm64, r-release-macos-x86_64, r-release-windows-x86_64, r-oldrel-macos-arm64, r-oldrel-macos-x86_64, r-oldrel-windows-ix86+x86_64