Last updated on 2024-04-19 20:56:48 CEST.
Flavor | Version | Tinstall | Tcheck | Ttotal | Status | Flags |
---|---|---|---|---|---|---|
r-devel-linux-x86_64-debian-clang | 0.1.3 | 13.07 | 102.69 | 115.76 | NOTE | |
r-devel-linux-x86_64-debian-gcc | 0.1.3 | NOTE | ||||
r-devel-linux-x86_64-fedora-clang | 0.1.3 | 136.37 | NOTE | |||
r-devel-linux-x86_64-fedora-gcc | 0.1.3 | 131.44 | NOTE | |||
r-prerel-macos-arm64 | 0.1.3 | 37.00 | NOTE | |||
r-prerel-windows-x86_64 | 0.1.3 | 10.00 | 87.00 | 97.00 | NOTE | |
r-patched-linux-x86_64 | 0.1.3 | 9.39 | 94.42 | 103.81 | NOTE | |
r-release-linux-x86_64 | 0.1.3 | 9.93 | 99.80 | 109.73 | NOTE | |
r-release-macos-arm64 | 0.1.3 | 43.00 | NOTE | |||
r-release-macos-x86_64 | 0.1.3 | 71.00 | NOTE | |||
r-release-windows-x86_64 | 0.1.3 | 13.00 | 102.00 | 115.00 | NOTE | |
r-oldrel-macos-arm64 | 0.1.3 | 56.00 | NOTE | |||
r-oldrel-windows-x86_64 | 0.1.3 | 14.00 | 105.00 | 119.00 | NOTE |
Version: 0.1.3
Check: LazyData
Result: NOTE
'LazyData' is specified without a 'data' directory
Flavors: r-devel-linux-x86_64-debian-clang, r-devel-linux-x86_64-debian-gcc, r-devel-linux-x86_64-fedora-clang, r-devel-linux-x86_64-fedora-gcc, r-prerel-macos-arm64, r-prerel-windows-x86_64, r-patched-linux-x86_64, r-release-linux-x86_64, r-release-macos-arm64, r-release-macos-x86_64, r-release-windows-x86_64, r-oldrel-macos-arm64, r-oldrel-windows-x86_64