CRAN Package Check Results for Package quantmod

Last updated on 2022-11-26 19:55:25 CET.

Flavor Version Tinstall Tcheck Ttotal Status Flags
r-devel-linux-x86_64-debian-clang 0.4.20 16.78 98.74 115.52 NOTE
r-devel-linux-x86_64-debian-gcc 0.4.20 15.31 74.59 89.90 NOTE
r-devel-linux-x86_64-fedora-clang 0.4.20 163.96 OK
r-devel-linux-x86_64-fedora-gcc 0.4.20 151.26 OK
r-devel-windows-x86_64 0.4.20 94.00 132.00 226.00 OK
r-patched-linux-x86_64 0.4.20 NOTE
r-release-linux-x86_64 0.4.20 15.99 93.08 109.07 NOTE
r-release-macos-arm64 0.4.20 36.00 OK
r-release-macos-x86_64 0.4.20 57.00 OK
r-release-windows-x86_64 0.4.20 114.00 134.00 248.00 OK
r-oldrel-macos-arm64 0.4.20 37.00 OK
r-oldrel-macos-x86_64 0.4.20 49.00 OK
r-oldrel-windows-ix86+x86_64 0.4.20 30.00 110.00 140.00 OK

Check Details

Version: 0.4.20
Check: R code for possible problems
Result: NOTE
    Found the following calls to attach():
    File 'quantmod/R/attachSymbols.R':
     attach(NULL, pos = pos, name = DB$name)
     attach(NULL, pos = pos, name = DB$name)
    See section 'Good practice' in '?attach'.
Flavors: r-devel-linux-x86_64-debian-clang, r-devel-linux-x86_64-debian-gcc, r-patched-linux-x86_64, r-release-linux-x86_64