Last updated on 2024-04-23 20:52:14 CEST.
Flavor | Version | Tinstall | Tcheck | Ttotal | Status | Flags |
---|---|---|---|---|---|---|
r-devel-linux-x86_64-debian-clang | 2.2.1 | 8.77 | 87.30 | 96.07 | OK | |
r-devel-linux-x86_64-debian-gcc | 2.2.1 | 6.71 | 64.44 | 71.15 | OK | |
r-devel-linux-x86_64-fedora-clang | 2.2.1 | 117.54 | NOTE | |||
r-devel-linux-x86_64-fedora-gcc | 2.2.1 | 113.13 | NOTE | |||
r-prerel-macos-arm64 | 2.2.1 | 34.00 | OK | |||
r-prerel-windows-x86_64 | 2.2.1 | 8.00 | 81.00 | 89.00 | OK | |
r-patched-linux-x86_64 | 2.2.1 | 8.34 | 80.74 | 89.08 | OK | |
r-release-linux-x86_64 | 2.2.1 | 9.39 | 84.98 | 94.37 | OK | |
r-release-macos-arm64 | 2.2.1 | 39.00 | OK | |||
r-release-macos-x86_64 | 2.2.1 | 63.00 | OK | |||
r-release-windows-x86_64 | 2.2.1 | 12.00 | 95.00 | 107.00 | OK | |
r-oldrel-macos-arm64 | 2.2.1 | 50.00 | NOTE | |||
r-oldrel-windows-x86_64 | 2.2.1 | 13.00 | 95.00 | 108.00 | OK |
Version: 2.2.1
Check: dependencies in R code
Result: NOTE
Namespace in Imports field not imported from: ‘SparseM’
All declared Imports should be used.
Flavors: r-devel-linux-x86_64-fedora-clang, r-devel-linux-x86_64-fedora-gcc, r-oldrel-macos-arm64