Last updated on 2024-03-27 19:57:02 CET.
Flavor | Version | Tinstall | Tcheck | Ttotal | Status | Flags |
---|---|---|---|---|---|---|
r-devel-linux-x86_64-debian-clang | 3.3.1 | 278.76 | 333.83 | 612.59 | NOTE | |
r-devel-linux-x86_64-debian-gcc | 3.3.1 | 213.16 | 248.98 | 462.14 | NOTE | |
r-devel-linux-x86_64-fedora-clang | 3.3.1 | 826.78 | NOTE | |||
r-devel-linux-x86_64-fedora-gcc | 3.3.1 | 826.39 | NOTE | |||
r-devel-windows-x86_64 | 3.3.1 | 226.00 | 277.00 | 503.00 | NOTE | |
r-patched-linux-x86_64 | 3.3.1 | 264.39 | 325.21 | 589.60 | OK | |
r-release-linux-x86_64 | 3.3.1 | 264.95 | 326.07 | 591.02 | OK | |
r-release-macos-arm64 | 3.3.1 | 199.00 | NOTE | |||
r-release-macos-x86_64 | 3.3.1 | 422.00 | NOTE | |||
r-release-windows-x86_64 | 3.3.1 | 282.00 | 353.00 | 635.00 | OK | |
r-oldrel-macos-arm64 | 3.3.1 | 198.00 | NOTE | |||
r-oldrel-windows-x86_64 | 3.3.1 | 255.00 | 326.00 | 581.00 | OK |
Version: 3.3.1
Check: Rd \usage sections
Result: NOTE
Documented arguments not in \usage in Rd file 'convert-wrappers.Rd':
‘...’
Documented arguments not in \usage in Rd file 'corpus-class.Rd':
‘if’
Documented arguments not in \usage in Rd file 'dfm-class.Rd':
‘drop_docid’
Documented arguments not in \usage in Rd file 'dictionary-class.Rd':
‘object’
Documented arguments not in \usage in Rd file 'matrix2fcm.Rd':
‘slots’
Documented arguments not in \usage in Rd file 'meta_system.Rd':
‘source’
Documented arguments not in \usage in Rd file 'search_index.Rd':
‘regex’
Functions with \usage entries need to have the appropriate \alias
entries, and all their arguments documented.
The \usage entries must correspond to syntactically valid R code.
See chapter ‘Writing R documentation files’ in the ‘Writing R
Extensions’ manual.
Flavors: r-devel-linux-x86_64-debian-clang, r-devel-linux-x86_64-debian-gcc, r-devel-linux-x86_64-fedora-clang, r-devel-linux-x86_64-fedora-gcc, r-devel-windows-x86_64
Version: 3.3.1
Check: data for non-ASCII characters
Result: NOTE
Note: found 4 marked UTF-8 strings
Flavors: r-devel-linux-x86_64-fedora-clang, r-devel-linux-x86_64-fedora-gcc
Version: 3.3.1
Check: installed package size
Result: NOTE
installed size is 9.8Mb
sub-directories of 1Mb or more:
libs 6.9Mb
Flavors: r-release-macos-arm64, r-release-macos-x86_64, r-oldrel-macos-arm64