Last updated on 2024-03-28 19:48:41 CET.
Flavor | Version | Tinstall | Tcheck | Ttotal | Status | Flags |
---|---|---|---|---|---|---|
r-devel-linux-x86_64-debian-clang | 1.2.4 | 23.67 | 177.58 | 201.25 | OK | |
r-devel-linux-x86_64-debian-gcc | 1.2.4 | 19.68 | 129.26 | 148.94 | OK | |
r-devel-linux-x86_64-fedora-clang | 1.2.4 | 285.81 | OK | |||
r-devel-linux-x86_64-fedora-gcc | 1.2.4 | 262.02 | OK | |||
r-devel-windows-x86_64 | 1.2.4 | 24.00 | 176.00 | 200.00 | NOTE | |
r-patched-linux-x86_64 | 1.2.4 | 26.30 | 173.95 | 200.25 | OK | |
r-release-linux-x86_64 | 1.2.4 | 17.22 | 170.38 | 187.60 | OK | |
r-release-macos-arm64 | 1.2.4 | 84.00 | NOTE | |||
r-release-macos-x86_64 | 1.2.4 | 143.00 | NOTE | |||
r-release-windows-x86_64 | 1.2.4 | 31.00 | 216.00 | 247.00 | NOTE | |
r-oldrel-macos-arm64 | 1.2.4 | 90.00 | NOTE | |||
r-oldrel-windows-x86_64 | 1.2.4 | 31.00 | 216.00 | 247.00 | NOTE |
Version: 1.2.4
Check: installed package size
Result: NOTE
installed size is 5.5Mb
sub-directories of 1Mb or more:
doc 4.4Mb
Flavors: r-devel-windows-x86_64, r-release-macos-arm64, r-release-macos-x86_64, r-release-windows-x86_64, r-oldrel-macos-arm64, r-oldrel-windows-x86_64