Last updated on 2023-03-26 20:49:54 CEST.
Flavor | Version | Tinstall | Tcheck | Ttotal | Status | Flags |
---|---|---|---|---|---|---|
r-devel-linux-x86_64-debian-clang | 1.58 | 93.18 | 411.42 | 504.60 | OK | |
r-devel-linux-x86_64-debian-gcc | 1.58 | 64.43 | 301.78 | 366.21 | OK | |
r-devel-linux-x86_64-fedora-clang | 1.58 | 646.30 | NOTE | |||
r-devel-linux-x86_64-fedora-gcc | 1.58 | 612.13 | OK | |||
r-patched-linux-x86_64 | 1.58 | 85.18 | 397.70 | 482.88 | OK | |
r-release-linux-x86_64 | 1.58 | 72.55 | 382.96 | 455.51 | OK | |
r-release-macos-arm64 | 1.58 | 132.00 | NOTE | |||
r-release-macos-x86_64 | 1.58 | 191.00 | NOTE | |||
r-release-windows-x86_64 | 1.58 | 270.00 | 485.00 | 755.00 | NOTE | |
r-oldrel-macos-arm64 | 1.58 | 127.00 | NOTE | |||
r-oldrel-macos-x86_64 | 1.58 | 193.00 | NOTE | |||
r-oldrel-windows-ix86+x86_64 | 1.58 | 189.00 | 593.00 | 782.00 | NOTE |
Version: 1.58
Check: installed package size
Result: NOTE
installed size is 10.5Mb
sub-directories of 1Mb or more:
R 1.7Mb
contrib 3.8Mb
doc 3.0Mb
Flavors: r-devel-linux-x86_64-fedora-clang, r-release-macos-arm64, r-release-macos-x86_64, r-release-windows-x86_64, r-oldrel-macos-arm64, r-oldrel-macos-x86_64, r-oldrel-windows-ix86+x86_64