Last updated on 2023-12-03 20:51:27 CET.
Flavor | Version | Tinstall | Tcheck | Ttotal | Status | Flags |
---|---|---|---|---|---|---|
r-devel-linux-x86_64-debian-clang | 0.2.3 | 5.88 | 52.35 | 58.23 | OK | |
r-devel-linux-x86_64-debian-gcc | 0.2.3 | 4.38 | 39.71 | 44.09 | OK | |
r-devel-linux-x86_64-fedora-clang | 0.2.3 | 72.68 | NOTE | |||
r-devel-linux-x86_64-fedora-gcc | 0.2.3 | 79.29 | NOTE | |||
r-devel-windows-x86_64 | 0.2.3 | 6.00 | 61.00 | 67.00 | OK | |
r-patched-linux-x86_64 | 0.2.3 | 3.60 | 48.76 | 52.36 | OK | |
r-release-linux-x86_64 | 0.2.3 | 3.37 | 48.42 | 51.79 | OK | |
r-release-macos-arm64 | 0.2.3 | 33.00 | OK | |||
r-release-macos-x86_64 | 0.2.3 | 47.00 | OK | |||
r-release-windows-x86_64 | 0.2.3 | 7.00 | 68.00 | 75.00 | OK | |
r-oldrel-macos-arm64 | 0.2.3 | 27.00 | NOTE | |||
r-oldrel-macos-x86_64 | 0.2.3 | 49.00 | NOTE | |||
r-oldrel-windows-x86_64 | 0.2.3 | 8.00 | 70.00 | 78.00 | OK |
Version: 0.2.3
Check: data for non-ASCII characters
Result: NOTE
Note: found 6 marked UTF-8 strings
Flavors: r-devel-linux-x86_64-fedora-clang, r-devel-linux-x86_64-fedora-gcc, r-oldrel-macos-arm64, r-oldrel-macos-x86_64