Last updated on 2024-07-17 20:57:08 CEST.
Flavor | Version | Tinstall | Tcheck | Ttotal | Status | Flags |
---|---|---|---|---|---|---|
r-devel-linux-x86_64-debian-clang | 1.4-1 | 15.12 | 162.80 | 177.92 | OK | |
r-devel-linux-x86_64-debian-gcc | 1.4-1 | 15.09 | 119.00 | 134.09 | OK | |
r-devel-linux-x86_64-fedora-clang | 1.4-1 | 225.18 | NOTE | |||
r-devel-linux-x86_64-fedora-gcc | 1.4-1 | 216.75 | OK | |||
r-devel-windows-x86_64 | 1.4-1 | 21.00 | 144.00 | 165.00 | NOTE | |
r-patched-linux-x86_64 | 1.4-1 | 24.05 | 156.76 | 180.81 | OK | |
r-release-linux-x86_64 | 1.4-1 | 17.57 | 158.75 | 176.32 | OK | |
r-release-macos-arm64 | 1.4-1 | 57.00 | NOTE | |||
r-release-macos-x86_64 | 1.4-1 | 93.00 | NOTE | |||
r-release-windows-x86_64 | 1.4-1 | 21.00 | 147.00 | 168.00 | OK | |
r-oldrel-macos-arm64 | 1.4-1 | 66.00 | NOTE | |||
r-oldrel-macos-x86_64 | 1.4-1 | 121.00 | NOTE | |||
r-oldrel-windows-x86_64 | 1.4-1 | 26.00 | 182.00 | 208.00 | OK |
Version: 1.4-1
Check: installed package size
Result: NOTE
installed size is 5.0Mb
sub-directories of 1Mb or more:
data 3.7Mb
Flavors: r-devel-linux-x86_64-fedora-clang, r-release-macos-arm64, r-release-macos-x86_64, r-oldrel-macos-arm64, r-oldrel-macos-x86_64
Version: 1.4-1
Check: Rd cross-references
Result: NOTE
Found the following Rd file(s) with Rd \link{} targets missing package
anchors:
pcrfit.Rd: nlsLM
plot.pcrfit.Rd: plot3d, points3d, lines3d, axis3d, mtext3d
Please provide package anchors for all Rd \link{} targets not in the
package itself and the base packages.
Flavor: r-devel-windows-x86_64