CRAN Package Check Results for Package qlcMatrix

Last updated on 2022-11-25 19:50:00 CET.

Flavor Version Tinstall Tcheck Ttotal Status Flags
r-devel-linux-x86_64-debian-clang 0.9.7 10.74 118.92 129.66 OK
r-devel-linux-x86_64-debian-gcc 0.9.7 8.05 88.48 96.53 OK
r-devel-linux-x86_64-fedora-clang 0.9.7 165.28 NOTE
r-devel-linux-x86_64-fedora-gcc 0.9.7 165.82 NOTE
r-devel-windows-x86_64 0.9.7 29.00 160.00 189.00 OK
r-patched-linux-x86_64 0.9.7 OK
r-release-linux-x86_64 0.9.7 10.51 111.71 122.22 OK
r-release-macos-arm64 0.9.7 45.00 NOTE
r-release-macos-x86_64 0.9.7 70.00 NOTE
r-release-windows-x86_64 0.9.7 24.00 164.00 188.00 OK
r-oldrel-macos-arm64 0.9.7 61.00 NOTE
r-oldrel-macos-x86_64 0.9.7 104.00 NOTE
r-oldrel-windows-ix86+x86_64 0.9.7 21.00 147.00 168.00 OK

Check Details

Version: 0.9.7
Check: data for non-ASCII characters
Result: NOTE
     Note: found 76102 marked UTF-8 strings
Flavors: r-devel-linux-x86_64-fedora-clang, r-devel-linux-x86_64-fedora-gcc, r-release-macos-arm64, r-release-macos-x86_64, r-oldrel-macos-arm64, r-oldrel-macos-x86_64