Last updated on 2023-03-29 21:55:37 CEST.
Flavor | Version | Tinstall | Tcheck | Ttotal | Status | Flags |
---|---|---|---|---|---|---|
r-devel-linux-x86_64-debian-clang | 0.9.7 | 9.30 | 116.50 | 125.80 | OK | |
r-devel-linux-x86_64-debian-gcc | 0.9.7 | 8.01 | 88.39 | 96.40 | OK | |
r-devel-linux-x86_64-fedora-clang | 0.9.7 | 159.64 | NOTE | |||
r-devel-linux-x86_64-fedora-gcc | 0.9.7 | 166.34 | NOTE | |||
r-devel-windows-x86_64 | 0.9.7 | 33.00 | 0.00 | 33.00 | OK | |
r-patched-linux-x86_64 | 0.9.7 | 13.71 | 114.01 | 127.72 | OK | |
r-release-linux-x86_64 | 0.9.7 | 8.56 | 108.15 | 116.71 | OK | |
r-release-macos-arm64 | 0.9.7 | 45.00 | NOTE | |||
r-release-macos-x86_64 | 0.9.7 | 70.00 | NOTE | |||
r-release-windows-x86_64 | 0.9.7 | 24.00 | 161.00 | 185.00 | OK | |
r-oldrel-macos-arm64 | 0.9.7 | 61.00 | NOTE | |||
r-oldrel-macos-x86_64 | 0.9.7 | 104.00 | NOTE | |||
r-oldrel-windows-ix86+x86_64 | 0.9.7 | 22.00 | 146.00 | 168.00 | OK |
Version: 0.9.7
Check: data for non-ASCII characters
Result: NOTE
Note: found 76102 marked UTF-8 strings
Flavors: r-devel-linux-x86_64-fedora-clang, r-devel-linux-x86_64-fedora-gcc, r-release-macos-arm64, r-release-macos-x86_64, r-oldrel-macos-arm64, r-oldrel-macos-x86_64