Last updated on 2024-03-28 19:48:41 CET.
Flavor | Version | Tinstall | Tcheck | Ttotal | Status | Flags |
---|---|---|---|---|---|---|
r-devel-linux-x86_64-debian-clang | 1.19 | 14.20 | 76.03 | 90.23 | NOTE | |
r-devel-linux-x86_64-debian-gcc | 1.19 | 13.02 | 56.78 | 69.80 | NOTE | |
r-devel-linux-x86_64-fedora-clang | 1.19 | 107.94 | NOTE | |||
r-devel-linux-x86_64-fedora-gcc | 1.19 | 108.72 | NOTE | |||
r-devel-windows-x86_64 | 1.19 | 13.00 | 83.00 | 96.00 | NOTE | |
r-patched-linux-x86_64 | 1.19 | 13.20 | 69.97 | 83.17 | NOTE | |
r-release-linux-x86_64 | 1.19 | 11.21 | 72.44 | 83.65 | NOTE | |
r-release-macos-arm64 | 1.19 | 35.00 | NOTE | |||
r-release-macos-x86_64 | 1.19 | 57.00 | NOTE | |||
r-release-windows-x86_64 | 1.19 | 18.00 | 92.00 | 110.00 | NOTE | |
r-oldrel-macos-arm64 | 1.19 | 33.00 | OK | |||
r-oldrel-windows-x86_64 | 1.19 | 19.00 | 103.00 | 122.00 | OK |
Version: 1.19
Check: package subdirectories
Result: NOTE
Problems with news in ‘NEWS.md’:
No news entries found.
Flavors: r-devel-linux-x86_64-debian-clang, r-devel-linux-x86_64-debian-gcc, r-devel-linux-x86_64-fedora-clang, r-devel-linux-x86_64-fedora-gcc, r-devel-windows-x86_64, r-patched-linux-x86_64, r-release-linux-x86_64, r-release-macos-arm64, r-release-macos-x86_64, r-release-windows-x86_64