Last updated on 2024-03-28 19:48:41 CET.
Flavor | Version | Tinstall | Tcheck | Ttotal | Status | Flags |
---|---|---|---|---|---|---|
r-devel-linux-x86_64-debian-clang | 1.1.1 | 469.91 | 217.14 | 687.05 | OK | |
r-devel-linux-x86_64-debian-gcc | 1.1.1 | 377.65 | 173.94 | 551.59 | OK | |
r-devel-linux-x86_64-fedora-clang | 1.1.1 | 806.35 | OK | |||
r-devel-linux-x86_64-fedora-gcc | 1.1.1 | 987.67 | OK | |||
r-devel-windows-x86_64 | 1.1.1 | 320.00 | 201.00 | 521.00 | OK | |
r-patched-linux-x86_64 | 1.1.1 | 445.48 | 227.62 | 673.10 | OK | |
r-release-linux-x86_64 | 1.1.1 | 451.91 | 231.61 | 683.52 | OK | |
r-release-macos-arm64 | 1.1.1 | 184.00 | NOTE | |||
r-release-macos-x86_64 | 1.1.1 | 416.00 | NOTE | |||
r-release-windows-x86_64 | 1.1.1 | 400.00 | 257.00 | 657.00 | OK | |
r-oldrel-macos-arm64 | 1.1.1 | 175.00 | NOTE | |||
r-oldrel-windows-x86_64 | 1.1.1 | 378.00 | 246.00 | 624.00 | OK |
Version: 1.1.1
Check: installed package size
Result: NOTE
installed size is 119.7Mb
sub-directories of 1Mb or more:
libs 118.4Mb
Flavors: r-release-macos-arm64, r-release-macos-x86_64, r-oldrel-macos-arm64