Last updated on 2025-05-08 20:49:44 CEST.
Flavor | Version | Tinstall | Tcheck | Ttotal | Status | Flags |
---|---|---|---|---|---|---|
r-devel-linux-x86_64-debian-clang | 0.1.0 | 6.00 | 58.72 | 64.72 | NOTE | |
r-devel-linux-x86_64-debian-gcc | 0.1.0 | 4.12 | 42.17 | 46.29 | NOTE | |
r-devel-linux-x86_64-fedora-clang | 0.1.0 | 93.21 | NOTE | |||
r-devel-linux-x86_64-fedora-gcc | 0.1.0 | 108.01 | NOTE | |||
r-devel-windows-x86_64 | 0.1.0 | 9.00 | 71.00 | 80.00 | OK | |
r-patched-linux-x86_64 | 0.1.0 | 5.15 | 53.91 | 59.06 | OK | |
r-release-linux-x86_64 | 0.1.0 | 4.52 | 54.46 | 58.98 | OK | |
r-release-macos-arm64 | 0.1.0 | 37.00 | OK | |||
r-release-macos-x86_64 | 0.1.0 | 163.00 | OK | |||
r-release-windows-x86_64 | 0.1.0 | 10.00 | 71.00 | 81.00 | OK | |
r-oldrel-macos-arm64 | 0.1.0 | 35.00 | OK | |||
r-oldrel-macos-x86_64 | 0.1.0 | 52.00 | OK | |||
r-oldrel-windows-x86_64 | 0.1.0 | 9.00 | 88.00 | 97.00 | OK |
Version: 0.1.0
Check: CRAN incoming feasibility
Result: NOTE
Maintainer: ‘Ingo Rohlfing <i.rohlfing@uni-koeln.de>’
The BugReports field in DESCRIPTION has
https://github.com/ingorohlfing/qcapower
which should likely be
https://github.com/ingorohlfing/qcapower/issues
instead.
Flavors: r-devel-linux-x86_64-debian-clang, r-devel-linux-x86_64-debian-gcc
Version: 0.1.0
Check: dependencies in R code
Result: NOTE
Namespace in Imports field not imported from: ‘devtools’
All declared Imports should be used.
Flavors: r-devel-linux-x86_64-fedora-clang, r-devel-linux-x86_64-fedora-gcc