CRAN Package Check Results for Package qbr

Last updated on 2024-06-12 20:59:10 CEST.

Flavor Version Tinstall Tcheck Ttotal Status Flags
r-devel-linux-x86_64-debian-clang 1.2.3 3.09 26.03 29.12 OK
r-devel-linux-x86_64-debian-gcc 1.2.3 0.35 1.73 2.08 ERROR
r-devel-linux-x86_64-fedora-clang 1.2.3 36.57 OK
r-devel-linux-x86_64-fedora-gcc 1.2.3 35.58 OK
r-devel-windows-x86_64 1.2.3 3.00 42.00 45.00 OK
r-patched-linux-x86_64 1.2.3 2.43 25.05 27.48 OK
r-release-linux-x86_64 1.2.3 1.73 24.33 26.06 OK
r-release-macos-arm64 1.2.3 19.00 OK
r-release-macos-x86_64 1.2.3 23.00 OK
r-release-windows-x86_64 1.2.3 4.00 45.00 49.00 OK
r-oldrel-macos-arm64 1.2.3 18.00 OK
r-oldrel-macos-x86_64 1.2.3 27.00 OK
r-oldrel-windows-x86_64 1.2.3 4.00 47.00 51.00 OK

Check Details

Version: 1.2.3
Check: package dependencies
Result: ERROR Packages required but not available: 'dplyr', 'tidyr', 'purrr', 'stringr', 'tibble', 'httr2' Package suggested but not available for checking: ‘testthat’ See section ‘The DESCRIPTION file’ in the ‘Writing R Extensions’ manual. Flavor: r-devel-linux-x86_64-debian-gcc