Last updated on 2025-11-22 19:50:39 CET.
| Flavor | Version | Tinstall | Tcheck | Ttotal | Status | Flags |
|---|---|---|---|---|---|---|
| r-devel-linux-x86_64-debian-clang | 2.1 | 15.43 | 141.50 | 156.93 | NOTE | |
| r-devel-linux-x86_64-debian-gcc | 2.1 | 9.59 | 98.69 | 108.28 | NOTE | |
| r-devel-linux-x86_64-fedora-clang | 2.1 | 53.00 | 194.86 | 247.86 | NOTE | |
| r-devel-linux-x86_64-fedora-gcc | 2.1 | 34.00 | 196.72 | 230.72 | NOTE | |
| r-devel-windows-x86_64 | 2.1 | 19.00 | 138.00 | 157.00 | NOTE | |
| r-patched-linux-x86_64 | 2.1 | 14.85 | 135.39 | 150.24 | NOTE | |
| r-release-linux-x86_64 | 2.1 | 13.14 | 136.28 | 149.42 | NOTE | |
| r-release-macos-arm64 | 2.1 | NOTE | ||||
| r-release-macos-x86_64 | 2.1 | 22.00 | 144.00 | 166.00 | NOTE | |
| r-release-windows-x86_64 | 2.1 | 16.00 | 151.00 | 167.00 | NOTE | |
| r-oldrel-macos-arm64 | 2.1 | NOTE | ||||
| r-oldrel-macos-x86_64 | 2.1 | 12.00 | 83.00 | 95.00 | NOTE | |
| r-oldrel-windows-x86_64 | 2.1 | 22.00 | 181.00 | 203.00 | NOTE |
Version: 2.1
Check: CRAN incoming feasibility
Result: NOTE
Maintainer: ‘Alicja Wolny-Dominiak <alicja.wolny-dominiak@ue.katowice.pl>’
No Authors@R field in DESCRIPTION.
Please add one, modifying
Authors@R: c(person(given = "Alicja",
family = "Wolny-Dominiak",
role = c("aut", "cre"),
email = "alicja.wolny-dominiak@ue.katowice.pl"),
person(given = "Tomasz",
family = "Zadlo",
role = "aut"))
as necessary.
Flavors: r-devel-linux-x86_64-debian-clang, r-devel-linux-x86_64-debian-gcc
Version: 2.1
Check: Rd files
Result: NOTE
checkRd: (-1) srswrRe.Rd:10: Lost braces
10 | \item{listRanef}{{\emph{ranef(model)}} object where {\emph{model}} is an { \emph{lmer}} object.}
| ^
Flavors: r-devel-linux-x86_64-debian-clang, r-devel-linux-x86_64-debian-gcc, r-devel-linux-x86_64-fedora-clang, r-devel-linux-x86_64-fedora-gcc, r-devel-windows-x86_64, r-patched-linux-x86_64, r-release-linux-x86_64, r-release-macos-arm64, r-release-macos-x86_64, r-release-windows-x86_64, r-oldrel-macos-arm64, r-oldrel-macos-x86_64, r-oldrel-windows-x86_64