CRAN Package Check Results for Package qPCRtools

Last updated on 2023-01-27 20:49:20 CET.

Flavor Version Tinstall Tcheck Ttotal Status Flags
r-devel-linux-x86_64-debian-clang 0.2.1 15.08 144.83 159.91 OK
r-devel-linux-x86_64-debian-gcc 0.2.1 12.50 107.15 119.65 OK
r-devel-linux-x86_64-fedora-clang 0.2.1 196.80 NOTE
r-devel-linux-x86_64-fedora-gcc 0.2.1 198.49 NOTE
r-patched-linux-x86_64 0.2.1 16.45 136.51 152.96 OK
r-release-linux-x86_64 0.2.1 13.59 141.11 154.70 OK
r-release-macos-arm64 0.2.1 49.00 NOTE
r-release-macos-x86_64 0.2.1 76.00 NOTE
r-release-windows-x86_64 0.2.1 24.00 180.00 204.00 OK
r-oldrel-macos-arm64 0.2.1 40.00 NOTE
r-oldrel-macos-x86_64 0.2.1 75.00 NOTE
r-oldrel-windows-ix86+x86_64 0.2.1 35.00 164.00 199.00 OK

Check Details

Version: 0.2.1
Check: dependencies in R code
Result: NOTE
    Namespaces in Imports field not imported from:
     ‘data.table’ ‘readxl’ ‘reshape2’ ‘sjmisc’ ‘stringr’ ‘xlsx’
     All declared Imports should be used.
Flavors: r-devel-linux-x86_64-fedora-clang, r-devel-linux-x86_64-fedora-gcc, r-release-macos-arm64, r-release-macos-x86_64, r-oldrel-macos-arm64, r-oldrel-macos-x86_64