Last updated on 2025-05-03 21:51:28 CEST.
Flavor | Version | Tinstall | Tcheck | Ttotal | Status | Flags |
---|---|---|---|---|---|---|
r-devel-linux-x86_64-debian-clang | 0.1.8 | 9.44 | 28.36 | 37.80 | NOTE | |
r-devel-linux-x86_64-debian-gcc | 0.1.8 | 7.45 | 22.16 | 29.61 | NOTE | |
r-devel-linux-x86_64-fedora-clang | 0.1.8 | 68.61 | OK | |||
r-devel-linux-x86_64-fedora-gcc | 0.1.8 | 63.79 | OK | |||
r-devel-windows-x86_64 | 0.1.8 | 13.00 | 73.00 | 86.00 | OK | |
r-patched-linux-x86_64 | 0.1.8 | 10.04 | 27.59 | 37.63 | OK | |
r-release-linux-x86_64 | OK | |||||
r-release-macos-arm64 | 0.1.8 | 26.00 | OK | |||
r-release-macos-x86_64 | 0.1.8 | 38.00 | OK | |||
r-release-windows-x86_64 | 0.1.8 | 13.00 | 66.00 | 79.00 | OK | |
r-oldrel-macos-arm64 | 0.1.8 | 24.00 | NOTE | |||
r-oldrel-macos-x86_64 | 0.1.8 | 33.00 | NOTE | |||
r-oldrel-windows-x86_64 | 0.1.8 | 15.00 | 75.00 | 90.00 | NOTE |
Version: 0.1.8
Check: CRAN incoming feasibility
Result: NOTE
Maintainer: ‘Wagner Santos de Lima <wagnersantos.ufs@hotmail.com>’
No Authors@R field in DESCRIPTION.
Please add one, modifying
Authors@R: c(person(given = c("Emerson", "Luis", "de", "Santa", "Helena", "Wagner", "Santos", "de", "Lima"),
family = "<wagnersantos.ufs@hotmail.com>",
role = "aut",
email = "wagnersantos.ufs@hotmail.com"),
person(given = c("Wagner", "Santos"),
family = "de Lima",
role = "cre",
email = "wagnersantos.ufs@hotmail.com"))
as necessary.
Flavors: r-devel-linux-x86_64-debian-clang, r-devel-linux-x86_64-debian-gcc
Version: 0.1.8
Check: LazyData
Result: NOTE
'LazyData' is specified without a 'data' directory
Flavors: r-oldrel-macos-arm64, r-oldrel-macos-x86_64, r-oldrel-windows-x86_64