CRAN Package Check Results for Package pvLRT

Last updated on 2024-02-29 20:05:37 CET.

Flavor Version Tinstall Tcheck Ttotal Status Flags
r-devel-linux-x86_64-debian-clang 0.5.1 5.09 78.92 84.01 NOTE
r-devel-linux-x86_64-debian-gcc 0.5.1 5.86 58.76 64.62 NOTE
r-devel-linux-x86_64-fedora-clang 0.5.1 106.78 NOTE
r-devel-linux-x86_64-fedora-gcc 0.5.1 103.55 NOTE
r-devel-windows-x86_64 0.5.1 8.00 85.00 93.00 OK
r-patched-linux-x86_64 0.5.1 6.85 77.62 84.47 OK
r-release-linux-x86_64 0.5.1 7.68 79.26 86.94 OK
r-release-macos-arm64 0.5.1 35.00 OK
r-release-macos-x86_64 0.5.1 56.00 OK
r-release-windows-x86_64 0.5.1 10.00 93.00 103.00 OK
r-oldrel-macos-arm64 0.5.1 32.00 OK
r-oldrel-windows-x86_64 0.5.1 12.00 97.00 109.00 OK

Check Details

Version: 0.5.1
Check: Rd files
Result: NOTE checkRd: (-1) pvlrt.Rd:42: Lost braces; missing escapes or markup? 42 | \item{no_zi_idx}{List of pairs {(i, j)} where zero inflation is not allowed. To | ^ checkRd: (-1) r_contin_table_zip.Rd:35: Lost braces; missing escapes or markup? 35 | \item{no_zi_idx}{List of pairs {(i, j)} where zero inflation is not allowed. To | ^ Flavors: r-devel-linux-x86_64-debian-clang, r-devel-linux-x86_64-debian-gcc, r-devel-linux-x86_64-fedora-clang, r-devel-linux-x86_64-fedora-gcc