Last updated on 2024-07-17 20:57:08 CEST.
Flavor | Version | Tinstall | Tcheck | Ttotal | Status | Flags |
---|---|---|---|---|---|---|
r-devel-linux-x86_64-debian-clang | 1.1-4 | 4.26 | 48.25 | 52.51 | OK | |
r-devel-linux-x86_64-debian-gcc | 1.1-4 | 4.42 | 35.48 | 39.90 | OK | |
r-devel-linux-x86_64-fedora-clang | 1.1-4 | 69.00 | OK | |||
r-devel-linux-x86_64-fedora-gcc | 1.1-4 | 62.92 | OK | |||
r-devel-windows-x86_64 | 1.1-4 | 7.00 | 57.00 | 64.00 | NOTE | |
r-patched-linux-x86_64 | 1.1-4 | 9.10 | 46.05 | 55.15 | OK | |
r-release-linux-x86_64 | 1.1-4 | 4.07 | 46.10 | 50.17 | OK | |
r-release-macos-arm64 | 1.1-4 | 23.00 | OK | |||
r-release-macos-x86_64 | 1.1-4 | 38.00 | OK | |||
r-release-windows-x86_64 | 1.1-4 | 6.00 | 57.00 | 63.00 | OK | |
r-oldrel-macos-arm64 | 1.1-4 | 23.00 | OK | |||
r-oldrel-macos-x86_64 | 1.1-4 | 33.00 | OK | |||
r-oldrel-windows-x86_64 | 1.1-4 | 7.00 | 64.00 | 71.00 | OK |
Version: 1.1-4
Check: Rd cross-references
Result: NOTE
Found the following Rd file(s) with Rd \link{} targets missing package
anchors:
ptycho.Rd: mcmc.list, mcmc
Please provide package anchors for all Rd \link{} targets not in the
package itself and the base packages.
Flavor: r-devel-windows-x86_64