Last updated on 2023-12-03 20:51:27 CET.
Flavor | Version | Tinstall | Tcheck | Ttotal | Status | Flags |
---|---|---|---|---|---|---|
r-devel-linux-x86_64-debian-clang | 2.0.3 | 3.24 | 36.15 | 39.39 | NOTE | |
r-devel-linux-x86_64-debian-gcc | 2.0.3 | 2.38 | 27.39 | 29.77 | NOTE | |
r-devel-linux-x86_64-fedora-clang | 2.0.3 | 49.86 | NOTE | |||
r-devel-linux-x86_64-fedora-gcc | 2.0.3 | 47.24 | NOTE | |||
r-devel-windows-x86_64 | 2.0.3 | 4.00 | 55.00 | 59.00 | NOTE | |
r-patched-linux-x86_64 | 2.0.3 | 5.22 | 35.05 | 40.27 | OK | |
r-release-linux-x86_64 | 2.0.3 | 3.62 | 34.45 | 38.07 | OK | |
r-release-macos-arm64 | 2.0.3 | 19.00 | OK | |||
r-release-macos-x86_64 | 2.0.3 | 25.00 | OK | |||
r-release-windows-x86_64 | 2.0.3 | 7.00 | 57.00 | 64.00 | OK | |
r-oldrel-macos-arm64 | 2.0.3 | 19.00 | OK | |||
r-oldrel-macos-x86_64 | 2.0.3 | 25.00 | OK | |||
r-oldrel-windows-x86_64 | 2.0.3 | 6.00 | 52.00 | 58.00 | OK |
Version: 2.0.3
Check: Rd \usage sections
Result: NOTE
Documented arguments not in \usage in Rd file 'assert_correct_attributes.Rd':
‘expected_colnames’
Documented arguments not in \usage in Rd file 'geopath_to_tibble.Rd':
‘route’
Documented arguments not in \usage in Rd file 'run_to_tibble.Rd':
‘route’
Functions with \usage entries need to have the appropriate \alias
entries, and all their arguments documented.
The \usage entries must correspond to syntactically valid R code.
See chapter ‘Writing R documentation files’ in the ‘Writing R
Extensions’ manual.
Flavors: r-devel-linux-x86_64-debian-clang, r-devel-linux-x86_64-debian-gcc, r-devel-linux-x86_64-fedora-clang, r-devel-linux-x86_64-fedora-gcc, r-devel-windows-x86_64