Last updated on 2023-01-30 20:55:54 CET.
Flavor | Version | Tinstall | Tcheck | Ttotal | Status | Flags |
---|---|---|---|---|---|---|
r-devel-linux-x86_64-debian-clang | 3.1 | 337.89 | 199.10 | 536.99 | NOTE | |
r-devel-linux-x86_64-debian-gcc | 3.1 | 332.44 | 162.78 | 495.22 | NOTE | |
r-devel-linux-x86_64-fedora-clang | 3.1 | 704.94 | NOTE | |||
r-devel-linux-x86_64-fedora-gcc | 3.1 | 860.49 | NOTE | |||
r-devel-windows-x86_64 | 3.1 | 288.00 | 273.00 | 561.00 | NOTE | |
r-patched-linux-x86_64 | 3.1 | 266.54 | 215.90 | 482.44 | NOTE | |
r-release-linux-x86_64 | 3.1 | 266.30 | 209.82 | 476.12 | NOTE | |
r-release-macos-arm64 | 3.1 | 193.00 | NOTE | |||
r-release-macos-x86_64 | 3.1 | 329.00 | NOTE | |||
r-release-windows-x86_64 | 3.1 | 470.00 | 283.00 | 753.00 | NOTE | |
r-oldrel-macos-arm64 | 3.1 | 202.00 | NOTE | |||
r-oldrel-macos-x86_64 | 3.1 | 243.00 | NOTE | |||
r-oldrel-windows-ix86+x86_64 | 3.1 | 421.00 | 235.00 | 656.00 | NOTE |
Version: 3.1
Check: for GNU extensions in Makefiles
Result: NOTE
GNU make is a SystemRequirements.
Flavors: r-devel-linux-x86_64-debian-clang, r-devel-linux-x86_64-debian-gcc, r-devel-linux-x86_64-fedora-clang, r-devel-linux-x86_64-fedora-gcc, r-devel-windows-x86_64, r-patched-linux-x86_64, r-release-linux-x86_64, r-release-macos-arm64, r-release-macos-x86_64, r-release-windows-x86_64, r-oldrel-macos-arm64, r-oldrel-macos-x86_64, r-oldrel-windows-ix86+x86_64
Version: 3.1
Check: C++ specification
Result: NOTE
Specified C++14: please update to current default of C++17
Flavors: r-devel-linux-x86_64-debian-gcc, r-devel-linux-x86_64-fedora-clang, r-devel-linux-x86_64-fedora-gcc, r-devel-windows-x86_64
Version: 3.1
Check: installed package size
Result: NOTE
installed size is 50.2Mb
sub-directories of 1Mb or more:
libs 49.5Mb
Flavors: r-release-macos-arm64, r-release-macos-x86_64, r-oldrel-macos-arm64, r-oldrel-macos-x86_64