Last updated on 2023-12-03 20:51:27 CET.
Flavor | Version | Tinstall | Tcheck | Ttotal | Status | Flags |
---|---|---|---|---|---|---|
r-devel-linux-x86_64-debian-clang | 0.1.1 | 6.34 | 55.03 | 61.37 | OK | |
r-devel-linux-x86_64-debian-gcc | 0.1.1 | 5.05 | 42.48 | 47.53 | OK | |
r-devel-linux-x86_64-fedora-clang | 0.1.1 | 79.11 | NOTE | |||
r-devel-linux-x86_64-fedora-gcc | 0.1.1 | 85.97 | NOTE | |||
r-devel-windows-x86_64 | 0.1.1 | 6.00 | 63.00 | 69.00 | OK | |
r-patched-linux-x86_64 | 0.1.1 | 6.11 | 54.04 | 60.15 | OK | |
r-release-linux-x86_64 | 0.1.1 | 4.56 | 54.84 | 59.40 | OK | |
r-release-macos-arm64 | 0.1.1 | 35.00 | OK | |||
r-release-macos-x86_64 | 0.1.1 | 51.00 | OK | |||
r-release-windows-x86_64 | 0.1.1 | 9.00 | 72.00 | 81.00 | OK | |
r-oldrel-macos-arm64 | 0.1.1 | 35.00 | OK | |||
r-oldrel-macos-x86_64 | 0.1.1 | 47.00 | OK | |||
r-oldrel-windows-x86_64 | 0.1.1 | 9.00 | 75.00 | 84.00 | OK |
Version: 0.1.1
Check: data for non-ASCII characters
Result: NOTE
Note: found 596 marked UTF-8 strings
Flavors: r-devel-linux-x86_64-fedora-clang, r-devel-linux-x86_64-fedora-gcc