Last updated on 2024-04-23 20:52:14 CEST.
Flavor | Version | Tinstall | Tcheck | Ttotal | Status | Flags |
---|---|---|---|---|---|---|
r-devel-linux-x86_64-debian-clang | 2.1.1 | 53.56 | 113.39 | 166.95 | NOTE | |
r-devel-linux-x86_64-debian-gcc | 2.1.1 | 40.71 | 85.45 | 126.16 | NOTE | |
r-devel-linux-x86_64-fedora-clang | 2.1.1 | 217.94 | NOTE | |||
r-devel-linux-x86_64-fedora-gcc | 2.1.1 | 228.89 | NOTE | |||
r-prerel-macos-arm64 | 2.1.1 | 68.00 | NOTE | |||
r-prerel-windows-x86_64 | 2.1.1 | 41.00 | 183.00 | 224.00 | NOTE | |
r-patched-linux-x86_64 | 2.1.1 | 51.87 | 106.62 | 158.49 | NOTE | |
r-release-linux-x86_64 | 2.1.1 | 47.15 | 102.97 | 150.12 | OK | |
r-release-macos-arm64 | 2.1.1 | 73.00 | NOTE | |||
r-release-macos-x86_64 | 2.1.1 | 126.00 | NOTE | |||
r-release-windows-x86_64 | 2.1.1 | 49.00 | 192.00 | 241.00 | OK | |
r-oldrel-macos-arm64 | 2.1.1 | 68.00 | NOTE | |||
r-oldrel-windows-x86_64 | 2.1.1 | 46.00 | 182.00 | 228.00 | OK |
Version: 2.1.1
Check: Rd files
Result: NOTE
checkRd: (-1) riedsid.Rd:92-93: Lost braces in \itemize; meant \describe ?
checkRd: (-1) riedsid.Rd:94-96: Lost braces in \itemize; meant \describe ?
Flavors: r-devel-linux-x86_64-debian-clang, r-devel-linux-x86_64-debian-gcc, r-devel-linux-x86_64-fedora-clang, r-devel-linux-x86_64-fedora-gcc, r-prerel-macos-arm64, r-prerel-windows-x86_64, r-patched-linux-x86_64
Version: 2.1.1
Check: installed package size
Result: NOTE
installed size is 5.1Mb
sub-directories of 1Mb or more:
doc 1.5Mb
libs 2.9Mb
Flavors: r-prerel-macos-arm64, r-release-macos-arm64, r-release-macos-x86_64, r-oldrel-macos-arm64