CRAN Package Check Results for Package pscl

Last updated on 2022-11-25 19:50:00 CET.

Flavor Version Tinstall Tcheck Ttotal Status Flags
r-devel-linux-x86_64-debian-clang 1.5.5 15.21 113.60 128.81 WARN
r-devel-linux-x86_64-debian-gcc 1.5.5 10.01 84.18 94.19 WARN
r-devel-linux-x86_64-fedora-clang 1.5.5 169.30 WARN
r-devel-linux-x86_64-fedora-gcc 1.5.5 164.81 WARN
r-devel-windows-x86_64 1.5.5 59.00 182.00 241.00 OK
r-patched-linux-x86_64 1.5.5 OK
r-release-linux-x86_64 1.5.5 12.65 103.88 116.53 OK
r-release-macos-arm64 1.5.5 53.00 NOTE
r-release-macos-x86_64 1.5.5 71.00 OK
r-release-windows-x86_64 1.5.5 70.00 182.00 252.00 OK
r-oldrel-macos-arm64 1.5.5 58.00 OK
r-oldrel-macos-x86_64 1.5.5 75.00 OK
r-oldrel-windows-ix86+x86_64 1.5.5 39.00 191.00 230.00 OK

Check Details

Version: 1.5.5
Check: whether package can be installed
Result: WARN
    Found the following significant warnings:
     util.c:6:19: warning: a function declaration without a prototype is deprecated in all versions of C [-Wstrict-prototypes]
Flavors: r-devel-linux-x86_64-debian-clang, r-devel-linux-x86_64-fedora-clang

Version: 1.5.5
Check: whether package can be installed
Result: WARN
    Found the following significant warnings:
     util.c:6:6: warning: function declaration isn’t a prototype [-Wstrict-prototypes]
Flavors: r-devel-linux-x86_64-debian-gcc, r-devel-linux-x86_64-fedora-gcc

Version: 1.5.5
Check: package dependencies
Result: NOTE
    Package suggested but not available for checking: ‘zoo’
Flavor: r-release-macos-arm64