CRAN Package Check Results for Package provSummarizeR

Last updated on 2022-09-26 21:53:05 CEST.

Flavor Version Tinstall Tcheck Ttotal Status Flags
r-devel-linux-x86_64-debian-clang 1.5.1 2.90 27.96 30.86 NOTE
r-devel-linux-x86_64-debian-gcc 1.5.1 2.24 21.90 24.14 NOTE
r-devel-linux-x86_64-fedora-clang 1.5.1 51.30 NOTE
r-devel-linux-x86_64-fedora-gcc 1.5.1 46.94 NOTE
r-devel-windows-x86_64 1.5.1 43.00 56.00 99.00 NOTE
r-patched-linux-x86_64 1.5.1 2.79 26.54 29.33 NOTE
r-release-linux-x86_64 1.5.1 2.71 27.01 29.72 NOTE
r-release-macos-arm64 1.5.1 22.00 NOTE
r-release-macos-x86_64 1.5.1 23.00 NOTE
r-release-windows-x86_64 1.5.1 40.00 56.00 96.00 NOTE
r-oldrel-macos-arm64 1.5.1 24.00 NOTE
r-oldrel-macos-x86_64 1.5.1 33.00 NOTE
r-oldrel-windows-ix86+x86_64 1.5.1 6.00 51.00 57.00 NOTE

Check Details

Version: 1.5.1
Check: package dependencies
Result: NOTE
    Package suggested but not available for checking: 'rdt'
Flavors: r-devel-linux-x86_64-debian-clang, r-devel-linux-x86_64-debian-gcc, r-devel-linux-x86_64-fedora-clang, r-devel-linux-x86_64-fedora-gcc, r-devel-windows-x86_64, r-patched-linux-x86_64, r-release-linux-x86_64, r-release-macos-arm64, r-release-macos-x86_64, r-release-windows-x86_64, r-oldrel-macos-arm64, r-oldrel-macos-x86_64, r-oldrel-windows-ix86+x86_64