Last updated on 2024-04-19 20:56:47 CEST.
Flavor | Version | Tinstall | Tcheck | Ttotal | Status | Flags |
---|---|---|---|---|---|---|
r-devel-linux-x86_64-debian-clang | 0.8.0 | 19.85 | 275.84 | 295.69 | OK | |
r-devel-linux-x86_64-debian-gcc | 0.8.0 | OK | ||||
r-devel-linux-x86_64-fedora-clang | 0.8.0 | 381.14 | OK | |||
r-devel-linux-x86_64-fedora-gcc | 0.8.0 | 369.52 | OK | |||
r-prerel-macos-arm64 | 0.8.0 | 93.00 | NOTE | |||
r-prerel-macos-x86_64 | 0.8.0 | 248.00 | OK | |||
r-prerel-windows-x86_64 | 0.8.0 | 22.00 | 209.00 | 231.00 | OK | |
r-patched-linux-x86_64 | 0.8.0 | 28.01 | 249.86 | 277.87 | OK | |
r-release-linux-x86_64 | 0.8.0 | 15.48 | 260.04 | 275.52 | OK | |
r-release-macos-arm64 | 0.8.0 | 96.00 | NOTE | |||
r-release-macos-x86_64 | 0.8.0 | 217.00 | NOTE | |||
r-release-windows-x86_64 | 0.8.0 | 27.00 | 266.00 | 293.00 | OK | |
r-oldrel-macos-arm64 | 0.8.0 | 91.00 | OK | |||
r-oldrel-windows-x86_64 | 0.8.0 | 29.00 | 245.00 | 274.00 | OK |
Version: 0.8.0
Check: package dependencies
Result: NOTE
Package suggested but not available for checking: ‘proDA’
Flavors: r-prerel-macos-arm64, r-release-macos-arm64, r-release-macos-x86_64