Last updated on 2024-08-15 20:48:23 CEST.
Flavor | Version | Tinstall | Tcheck | Ttotal | Status | Flags |
---|---|---|---|---|---|---|
r-devel-linux-x86_64-debian-clang | 1.0.0 | 4.94 | 50.04 | 54.98 | OK | |
r-devel-linux-x86_64-debian-gcc | 1.0.0 | 3.35 | 36.67 | 40.02 | OK | |
r-devel-linux-x86_64-fedora-clang | 1.0.0 | 87.75 | NOTE | |||
r-devel-linux-x86_64-fedora-gcc | 1.0.0 | 82.55 | NOTE | |||
r-devel-windows-x86_64 | 1.0.0 | 7.00 | 65.00 | 72.00 | OK | |
r-patched-linux-x86_64 | 1.0.0 | 4.92 | 47.29 | 52.21 | OK | |
r-release-linux-x86_64 | 1.0.0 | 3.89 | 47.66 | 51.55 | OK | |
r-release-macos-arm64 | 1.0.0 | 27.00 | OK | |||
r-release-macos-x86_64 | 1.0.0 | 40.00 | OK | |||
r-release-windows-x86_64 | 1.0.0 | 7.00 | 65.00 | 72.00 | OK | |
r-oldrel-macos-arm64 | 1.0.0 | 30.00 | OK | |||
r-oldrel-macos-x86_64 | 1.0.0 | 46.00 | OK | |||
r-oldrel-windows-x86_64 | 1.0.0 | 8.00 | 74.00 | 82.00 | OK |
Version: 1.0.0
Check: dependencies in R code
Result: NOTE
Namespaces in Imports field not imported from:
‘RColorBrewer’ ‘grDevices’
All declared Imports should be used.
Flavors: r-devel-linux-x86_64-fedora-clang, r-devel-linux-x86_64-fedora-gcc