CRAN Package Check Results for Package prospectr

Last updated on 2022-11-27 19:51:38 CET.

Flavor Version Tinstall Tcheck Ttotal Status Flags
r-devel-linux-x86_64-debian-clang 0.2.6 48.87 138.39 187.26 OK
r-devel-linux-x86_64-debian-gcc 0.2.6 35.25 105.73 140.98 OK
r-devel-linux-x86_64-fedora-clang 0.2.6 249.14 OK
r-devel-linux-x86_64-fedora-gcc 0.2.6 237.22 OK
r-devel-windows-x86_64 0.2.6 67.00 193.00 260.00 OK
r-patched-linux-x86_64 0.2.6 39.29 131.28 170.57 OK
r-release-linux-x86_64 0.2.6 41.69 135.91 177.60 OK
r-release-macos-arm64 0.2.6 94.00 NOTE
r-release-macos-x86_64 0.2.6 97.00 NOTE
r-release-windows-x86_64 0.2.6 70.00 198.00 268.00 OK
r-oldrel-macos-arm64 0.2.6 79.00 NOTE
r-oldrel-macos-x86_64 0.2.6 98.00 NOTE
r-oldrel-windows-ix86+x86_64 0.2.6 101.00 267.00 368.00 NOTE

Check Details

Version: 0.2.6
Check: installed package size
Result: NOTE
     installed size is 5.8Mb
     sub-directories of 1Mb or more:
     data 2.1Mb
     libs 2.9Mb
Flavors: r-release-macos-arm64, r-release-macos-x86_64, r-oldrel-macos-arm64, r-oldrel-macos-x86_64, r-oldrel-windows-ix86+x86_64