Last updated on 2025-05-03 21:51:28 CEST.
Flavor | Version | Tinstall | Tcheck | Ttotal | Status | Flags |
---|---|---|---|---|---|---|
r-devel-linux-x86_64-debian-clang | 1.0-6 | 19.11 | 82.16 | 101.27 | NOTE | |
r-devel-linux-x86_64-debian-gcc | 1.0-6 | 13.42 | 59.41 | 72.83 | NOTE | |
r-devel-linux-x86_64-fedora-clang | 1.0-6 | 158.36 | OK | |||
r-devel-linux-x86_64-fedora-gcc | 1.0-6 | 152.52 | OK | |||
r-devel-windows-x86_64 | 1.0-6 | 25.00 | 133.00 | 158.00 | NOTE | |
r-patched-linux-x86_64 | 1.0-6 | 17.37 | 76.38 | 93.75 | NOTE | |
r-release-linux-x86_64 | NOTE | |||||
r-release-macos-arm64 | 1.0-6 | 53.00 | OK | |||
r-release-macos-x86_64 | 1.0-6 | 85.00 | OK | |||
r-release-windows-x86_64 | 1.0-6 | 24.00 | 119.00 | 143.00 | NOTE | |
r-oldrel-macos-arm64 | 1.0-6 | 47.00 | OK | |||
r-oldrel-macos-x86_64 | 1.0-6 | 65.00 | OK | |||
r-oldrel-windows-x86_64 | 1.0-6 | 28.00 | 141.00 | 169.00 | OK |
Version: 1.0-6
Check: CRAN incoming feasibility
Result: NOTE
Maintainer: ‘Andrej-Nikolai Spiess <a.spiess@uke.uni-hamburg.de>’
No Authors@R field in DESCRIPTION.
Please add one, modifying
Authors@R: person(given = "Andrej-Nikolai",
family = "Spiess",
role = c("aut", "cre"),
email = "a.spiess@uke.uni-hamburg.de")
as necessary.
Found the following (possibly) invalid file URI:
URI: www.nada.kth.se/~kai-a/papers/arrasTR-9801-R3.pdf
From: man/propagate.Rd
Flavors: r-devel-linux-x86_64-debian-clang, r-devel-linux-x86_64-debian-gcc
Version: 1.0-6
Check: Rd cross-references
Result: NOTE
Found the following Rd file(s) with Rd \link{} targets missing package
anchors:
fitDistr.Rd: nls.lm
predictNLS.Rd: rtmvt
Please provide package anchors for all Rd \link{} targets not in the
package itself and the base packages.
Flavors: r-devel-linux-x86_64-debian-clang, r-devel-linux-x86_64-debian-gcc, r-devel-windows-x86_64, r-patched-linux-x86_64, r-release-linux-x86_64, r-release-windows-x86_64