Last updated on 2024-03-28 19:48:41 CET.
Flavor | Version | Tinstall | Tcheck | Ttotal | Status | Flags |
---|---|---|---|---|---|---|
r-devel-linux-x86_64-debian-clang | 1.9.1.0 | 1242.15 | 193.53 | 1435.68 | NOTE | |
r-devel-linux-x86_64-debian-gcc | 1.9.1.0 | 1219.32 | 220.18 | 1439.50 | NOTE | |
r-devel-linux-x86_64-fedora-clang | 1.9.1.0 | 1822.34 | NOTE | |||
r-devel-linux-x86_64-fedora-gcc | 1.9.1.0 | 2640.86 | NOTE | |||
r-devel-windows-x86_64 | 1.9.1.0 | 1005.00 | 244.00 | 1249.00 | NOTE | |
r-patched-linux-x86_64 | 1.9.1.0 | 1044.30 | 284.49 | 1328.79 | NOTE | |
r-release-linux-x86_64 | 1.9.1.0 | 1095.66 | 284.49 | 1380.15 | NOTE | |
r-release-macos-arm64 | 1.9.1.0 | 663.00 | NOTE | |||
r-release-macos-x86_64 | 1.9.1.0 | 672.00 | NOTE | |||
r-release-windows-x86_64 | 1.9.1.0 | 1273.00 | 299.00 | 1572.00 | NOTE | |
r-oldrel-macos-arm64 | 1.9.1.0 | 449.00 | NOTE | |||
r-oldrel-windows-x86_64 | 1.9.1.0 | 1255.00 | 270.00 | 1525.00 | NOTE |
Version: 1.9.1.0
Check: for GNU extensions in Makefiles
Result: NOTE
GNU make is a SystemRequirements.
Flavors: r-devel-linux-x86_64-debian-clang, r-devel-linux-x86_64-debian-gcc, r-devel-linux-x86_64-fedora-clang, r-devel-linux-x86_64-fedora-gcc, r-devel-windows-x86_64, r-patched-linux-x86_64, r-release-linux-x86_64, r-release-macos-arm64, r-release-macos-x86_64, r-release-windows-x86_64, r-oldrel-macos-arm64, r-oldrel-windows-x86_64
Version: 1.9.1.0
Check: installed package size
Result: NOTE
installed size is 10.7Mb
sub-directories of 1Mb or more:
libs 10.2Mb
Flavors: r-devel-linux-x86_64-fedora-clang, r-devel-windows-x86_64, r-release-macos-arm64, r-release-macos-x86_64, r-release-windows-x86_64, r-oldrel-macos-arm64, r-oldrel-windows-x86_64
Version: 1.9.1.0
Check: dependencies in R code
Result: NOTE
Namespace in Imports field not imported from: ‘RcppParallel’
All declared Imports should be used.
Flavors: r-devel-linux-x86_64-fedora-clang, r-devel-linux-x86_64-fedora-gcc