Last updated on 2024-07-17 20:57:08 CEST.
Flavor | Version | Tinstall | Tcheck | Ttotal | Status | Flags |
---|---|---|---|---|---|---|
r-devel-linux-x86_64-debian-clang | 0.6.1 | 2.93 | 36.93 | 39.86 | NOTE | |
r-devel-linux-x86_64-debian-gcc | 0.6.1 | 2.60 | 27.44 | 30.04 | NOTE | |
r-devel-linux-x86_64-fedora-clang | 0.6.1 | 49.71 | NOTE | |||
r-devel-linux-x86_64-fedora-gcc | 0.6.1 | 46.82 | NOTE | |||
r-devel-windows-x86_64 | 0.6.1 | 3.00 | 48.00 | 51.00 | NOTE | |
r-patched-linux-x86_64 | 0.6.1 | 3.75 | 34.02 | 37.77 | NOTE | |
r-release-linux-x86_64 | 0.6.1 | 3.19 | 34.25 | 37.44 | NOTE | |
r-release-macos-arm64 | 0.6.1 | 18.00 | NOTE | |||
r-release-macos-x86_64 | 0.6.1 | 26.00 | NOTE | |||
r-release-windows-x86_64 | 0.6.1 | 4.00 | 48.00 | 52.00 | NOTE | |
r-oldrel-macos-arm64 | 0.6.1 | 21.00 | NOTE | |||
r-oldrel-macos-x86_64 | 0.6.1 | 26.00 | NOTE | |||
r-oldrel-windows-x86_64 | 0.6.1 | 3.00 | 51.00 | 54.00 | NOTE |
Version: 0.6.1
Check: Rd files
Result: NOTE
checkRd: (-1) plot.profileModel.Rd:69: Escaped LaTeX specials: \&
checkRd: (-1) profileModel.Rd:277: Escaped LaTeX specials: \&
Flavors: r-devel-linux-x86_64-debian-clang, r-devel-linux-x86_64-debian-gcc, r-devel-linux-x86_64-fedora-clang, r-devel-linux-x86_64-fedora-gcc, r-devel-windows-x86_64, r-patched-linux-x86_64, r-release-linux-x86_64, r-release-macos-arm64, r-release-macos-x86_64, r-release-windows-x86_64, r-oldrel-macos-arm64, r-oldrel-macos-x86_64, r-oldrel-windows-x86_64