Last updated on 2024-04-18 21:57:00 CEST.
Flavor | Version | Tinstall | Tcheck | Ttotal | Status | Flags |
---|---|---|---|---|---|---|
r-devel-linux-x86_64-debian-clang | 0.5.3 | 31.74 | 122.40 | 154.14 | OK | |
r-devel-linux-x86_64-debian-gcc | 0.5.3 | 22.55 | 92.27 | 114.82 | OK | |
r-devel-linux-x86_64-fedora-clang | 0.5.3 | 205.02 | NOTE | |||
r-devel-linux-x86_64-fedora-gcc | 0.5.3 | 201.61 | OK | |||
r-prerel-macos-arm64 | 0.5.3 | 63.00 | OK | |||
r-prerel-windows-x86_64 | 0.5.3 | 28.00 | 118.00 | 146.00 | OK | |
r-patched-linux-x86_64 | 0.5.3 | 28.12 | 116.59 | 144.71 | OK | |
r-release-linux-x86_64 | 0.5.3 | 23.56 | 119.07 | 142.63 | OK | |
r-release-macos-arm64 | 0.5.3 | 57.00 | OK | |||
r-release-macos-x86_64 | 0.5.3 | 90.00 | OK | |||
r-release-windows-x86_64 | 0.5.3 | 35.00 | 143.00 | 178.00 | OK | |
r-oldrel-macos-arm64 | 0.5.3 | 51.00 | OK | |||
r-oldrel-windows-x86_64 | 0.5.3 | 36.00 | 142.00 | 178.00 | OK |
Version: 0.5.3
Check: package dependencies
Result: NOTE
Imports includes 21 non-default packages.
Importing from so many packages makes the package vulnerable to any of
them becoming unavailable. Move as many as possible to Suggests and
use conditionally.
Flavor: r-devel-linux-x86_64-fedora-clang