Last updated on 2023-06-04 21:58:29 CEST.
Flavor | Version | Tinstall | Tcheck | Ttotal | Status | Flags |
---|---|---|---|---|---|---|
r-devel-linux-x86_64-debian-clang | 0.1.2 | 8.87 | 68.22 | 77.09 | OK | |
r-devel-linux-x86_64-debian-gcc | 0.1.2 | 6.27 | 52.02 | 58.29 | OK | |
r-devel-linux-x86_64-fedora-clang | 0.1.2 | 94.06 | NOTE | |||
r-devel-linux-x86_64-fedora-gcc | 0.1.2 | 89.24 | NOTE | |||
r-devel-windows-x86_64 | 0.1.2 | 10.00 | 68.00 | 78.00 | OK | |
r-patched-linux-x86_64 | 0.1.2 | 6.80 | 64.30 | 71.10 | OK | |
r-release-linux-x86_64 | 0.1.2 | 5.83 | 64.31 | 70.14 | OK | |
r-release-macos-arm64 | 0.1.2 | 32.00 | OK | |||
r-release-macos-x86_64 | 0.1.2 | 48.00 | OK | |||
r-release-windows-x86_64 | 0.1.2 | 12.00 | 76.00 | 88.00 | OK | |
r-oldrel-macos-arm64 | 0.1.2 | 33.00 | NOTE | |||
r-oldrel-macos-x86_64 | 0.1.2 | 49.00 | NOTE | |||
r-oldrel-windows-x86_64 | 0.1.2 | 11.00 | 82.00 | 93.00 | OK |
Version: 0.1.2
Check: data for non-ASCII characters
Result: NOTE
Note: found 2 marked UTF-8 strings
Flavors: r-devel-linux-x86_64-fedora-clang, r-devel-linux-x86_64-fedora-gcc, r-oldrel-macos-arm64, r-oldrel-macos-x86_64